{"id":695,"date":"2021-12-07T09:55:10","date_gmt":"2021-12-07T06:55:10","guid":{"rendered":"http:\/\/anemontrekking.com\/?page_id=695"},"modified":"2021-12-07T09:55:11","modified_gmt":"2021-12-07T06:55:11","slug":"melanpagos-cintar-senligi-12-12-2021","status":"publish","type":"page","link":"https:\/\/anemontrekking.com\/?page_id=695","title":{"rendered":"MELANPAGOS \u00c7INTAR \u015eENL\u0130\u011e\u0130 (12.12.2021)"},"content":{"rendered":"\n<figure class=\"wp-block-image size-large\"><img loading=\"lazy\" decoding=\"async\" width=\"1024\" height=\"768\" src=\"http:\/\/anemontrekking.com\/wp-content\/uploads\/2021\/12\/79128228_10157295374464652_1564456436161839104_n-1024x768.jpg\" alt=\"\" class=\"wp-image-696\" srcset=\"https:\/\/anemontrekking.com\/wp-content\/uploads\/2021\/12\/79128228_10157295374464652_1564456436161839104_n-1024x768.jpg 1024w, https:\/\/anemontrekking.com\/wp-content\/uploads\/2021\/12\/79128228_10157295374464652_1564456436161839104_n-300x225.jpg 300w, https:\/\/anemontrekking.com\/wp-content\/uploads\/2021\/12\/79128228_10157295374464652_1564456436161839104_n-768x576.jpg 768w, https:\/\/anemontrekking.com\/wp-content\/uploads\/2021\/12\/79128228_10157295374464652_1564456436161839104_n-1536x1152.jpg 1536w, https:\/\/anemontrekking.com\/wp-content\/uploads\/2021\/12\/79128228_10157295374464652_1564456436161839104_n.jpg 2048w\" sizes=\"auto, (max-width: 1024px) 100vw, 1024px\" \/><\/figure>\n\n\n\n<p>\u0130zmir\u2019in Yamanlar Da\u011f\u0131 kuzey y\u00fcz\u00fcnde s\u00fcpriz rotam\u0131zda \u00c7INTAR ve MANTAR \u015fenli\u011fi d\u00fczenliyoruz. Yan\u0131n\u0131zda bir torba ve b\u0131\u00e7ak bulundurun. \u015eenli\u011fe kat\u0131l\u0131n, hem trekking yap\u0131n hem mantar toplay\u0131n.<\/p>\n\n\n\n<p><strong>Program :<\/strong><\/p>\n\n\n\n<p>12 Aral\u0131k Pazar<\/p>\n\n\n\n<p>Saat 08:00 Manisa\u2019dan faaliyet alan\u0131na hareket<\/p>\n\n\n\n<p>Saat 08:30 Faaliyet ba\u015flang\u0131\u00e7 noktas\u0131na var\u0131\u015f ve k\u00f6yde kahvalt\u0131<\/p>\n\n\n\n<p>Saat 09:00 Mantar ve \u00c7\u0131ntar arama y\u00fcr\u00fcy\u00fc\u015f\u00fcne ba\u015flama<\/p>\n\n\n\n<p>Saat 17:00 Faliyetin biti\u015fi ve Manisa\u2019ya hareket.<\/p>\n\n\n\n<p><strong>KAYIT ve B\u0130LG\u0130 \u0130\u00c7\u0130N :<\/strong><\/p>\n\n\n\n<p>Anemon Trekking Whatsap Hatt\u0131 :&nbsp;<strong>0-850-303 91 11<\/strong><\/p>\n\n\n\n<p><a href=\"https:\/\/facebook.com\/anemontreking\" target=\"_blank\" rel=\"noreferrer noopener\">Anemon Trekking<\/a>&nbsp;Whatsapp Duyuru Gurubuna \u00fcye olarak bundan sonraki etkinliklerimizden haberdar olmak i\u00e7in&nbsp;<a rel=\"noreferrer noopener\" href=\"https:\/\/chat.whatsapp.com\/EstLmUsfztaBqgDSmO8fPZ\" target=\"_blank\">https:\/\/chat.whatsapp.com\/EstLmUsfztaBqgDSmO8fPZ<\/a>&nbsp;linkinden abone olabilirsiniz.<\/p>\n","protected":false},"excerpt":{"rendered":"<div class=\"slide-text-bg2\">\n<h3>\u0130zmir\u2019in Yamanlar Da\u011f\u0131 kuzey y\u00fcz\u00fcnde s\u00fcpriz rotam\u0131zda \u00c7INTAR ve MANTAR \u015fenli\u011fi d\u00fczenliyoruz. Yan\u0131n\u0131zda bir torba ve b\u0131\u00e7ak bulundurun. \u015eenli\u011fe kat\u0131l\u0131n,<\/h3>\n<\/div>\n<div class=\"flex-btn-div\"><a href=\"https:\/\/anemontrekking.com\/?page_id=695\" class=\"btn1 flex-btn\">Daha fazlas\u0131n\u0131 oku<\/a><\/div>\n","protected":false},"author":1,"featured_media":0,"parent":0,"menu_order":0,"comment_status":"closed","ping_status":"closed","template":"","meta":{"ngg_post_thumbnail":0,"footnotes":""},"class_list":["post-695","page","type-page","status-publish","hentry"],"yoast_head":"<!-- This site is optimized with the Yoast SEO plugin v26.3 - https:\/\/yoast.com\/wordpress\/plugins\/seo\/ -->\n<title>MELANPAGOS \u00c7INTAR \u015eENL\u0130\u011e\u0130 (12.12.2021) - Anemon Trekking Spor Kulub\u00fc<\/title>\n<meta name=\"robots\" content=\"index, follow, max-snippet:-1, max-image-preview:large, max-video-preview:-1\" \/>\n<link rel=\"canonical\" href=\"https:\/\/anemontrekking.com\/?page_id=695\" \/>\n<meta property=\"og:locale\" content=\"tr_TR\" \/>\n<meta property=\"og:type\" content=\"article\" \/>\n<meta property=\"og:title\" content=\"MELANPAGOS \u00c7INTAR \u015eENL\u0130\u011e\u0130 (12.12.2021) - Anemon Trekking Spor Kulub\u00fc\" \/>\n<meta property=\"og:description\" content=\"\u0130zmir\u2019in Yamanlar Da\u011f\u0131 kuzey y\u00fcz\u00fcnde s\u00fcpriz rotam\u0131zda \u00c7INTAR ve MANTAR \u015fenli\u011fi d\u00fczenliyoruz. Yan\u0131n\u0131zda bir torba ve b\u0131\u00e7ak bulundurun. \u015eenli\u011fe kat\u0131l\u0131n,Daha fazlas\u0131n\u0131 oku\" \/>\n<meta property=\"og:url\" content=\"https:\/\/anemontrekking.com\/?page_id=695\" \/>\n<meta property=\"og:site_name\" content=\"Anemon Trekking Spor Kulub\u00fc\" \/>\n<meta property=\"article:publisher\" content=\"https:\/\/facebook.com\/anemontreking\" \/>\n<meta property=\"article:modified_time\" content=\"2021-12-07T06:55:11+00:00\" \/>\n<meta property=\"og:image\" content=\"http:\/\/anemontrekking.com\/wp-content\/uploads\/2021\/12\/79128228_10157295374464652_1564456436161839104_n-1024x768.jpg\" \/>\n<meta name=\"twitter:card\" content=\"summary_large_image\" \/>\n<meta name=\"twitter:site\" content=\"@anemon_trekking\" \/>\n<meta name=\"twitter:label1\" content=\"Tahmini okuma s\u00fcresi\" \/>\n\t<meta name=\"twitter:data1\" content=\"1 dakika\" \/>\n<script type=\"application\/ld+json\" class=\"yoast-schema-graph\">{\"@context\":\"https:\/\/schema.org\",\"@graph\":[{\"@type\":\"WebPage\",\"@id\":\"https:\/\/anemontrekking.com\/?page_id=695\",\"url\":\"https:\/\/anemontrekking.com\/?page_id=695\",\"name\":\"MELANPAGOS \u00c7INTAR \u015eENL\u0130\u011e\u0130 (12.12.2021) - Anemon Trekking Spor Kulub\u00fc\",\"isPartOf\":{\"@id\":\"https:\/\/anemontrekking.com\/#website\"},\"primaryImageOfPage\":{\"@id\":\"https:\/\/anemontrekking.com\/?page_id=695#primaryimage\"},\"image\":{\"@id\":\"https:\/\/anemontrekking.com\/?page_id=695#primaryimage\"},\"thumbnailUrl\":\"http:\/\/anemontrekking.com\/wp-content\/uploads\/2021\/12\/79128228_10157295374464652_1564456436161839104_n-1024x768.jpg\",\"datePublished\":\"2021-12-07T06:55:10+00:00\",\"dateModified\":\"2021-12-07T06:55:11+00:00\",\"breadcrumb\":{\"@id\":\"https:\/\/anemontrekking.com\/?page_id=695#breadcrumb\"},\"inLanguage\":\"tr\",\"potentialAction\":[{\"@type\":\"ReadAction\",\"target\":[\"https:\/\/anemontrekking.com\/?page_id=695\"]}]},{\"@type\":\"ImageObject\",\"inLanguage\":\"tr\",\"@id\":\"https:\/\/anemontrekking.com\/?page_id=695#primaryimage\",\"url\":\"https:\/\/anemontrekking.com\/wp-content\/uploads\/2021\/12\/79128228_10157295374464652_1564456436161839104_n.jpg\",\"contentUrl\":\"https:\/\/anemontrekking.com\/wp-content\/uploads\/2021\/12\/79128228_10157295374464652_1564456436161839104_n.jpg\",\"width\":2048,\"height\":1536},{\"@type\":\"BreadcrumbList\",\"@id\":\"https:\/\/anemontrekking.com\/?page_id=695#breadcrumb\",\"itemListElement\":[{\"@type\":\"ListItem\",\"position\":1,\"name\":\"Anasayfa\",\"item\":\"https:\/\/anemontrekking.com\/\"},{\"@type\":\"ListItem\",\"position\":2,\"name\":\"MELANPAGOS \u00c7INTAR \u015eENL\u0130\u011e\u0130 (12.12.2021)\"}]},{\"@type\":\"WebSite\",\"@id\":\"https:\/\/anemontrekking.com\/#website\",\"url\":\"https:\/\/anemontrekking.com\/\",\"name\":\"Anemon Trekking Spor Kulub\u00fc\",\"description\":\"Da\u011fc\u0131l\u0131k, Trekking,Kamp\u00e7\u0131l\u0131k ve Do\u011fa Sporlar\u0131\",\"publisher\":{\"@id\":\"https:\/\/anemontrekking.com\/#organization\"},\"potentialAction\":[{\"@type\":\"SearchAction\",\"target\":{\"@type\":\"EntryPoint\",\"urlTemplate\":\"https:\/\/anemontrekking.com\/?s={search_term_string}\"},\"query-input\":{\"@type\":\"PropertyValueSpecification\",\"valueRequired\":true,\"valueName\":\"search_term_string\"}}],\"inLanguage\":\"tr\"},{\"@type\":\"Organization\",\"@id\":\"https:\/\/anemontrekking.com\/#organization\",\"name\":\"Anemon Trekking Spor Kulub\u00fc\",\"url\":\"https:\/\/anemontrekking.com\/\",\"logo\":{\"@type\":\"ImageObject\",\"inLanguage\":\"tr\",\"@id\":\"https:\/\/anemontrekking.com\/#\/schema\/logo\/image\/\",\"url\":\"http:\/\/anemontrekking.com\/wp-content\/uploads\/2021\/02\/47292421_10156386216874652_1517111611498692608_n.jpg\",\"contentUrl\":\"http:\/\/anemontrekking.com\/wp-content\/uploads\/2021\/02\/47292421_10156386216874652_1517111611498692608_n.jpg\",\"width\":960,\"height\":906,\"caption\":\"Anemon Trekking Spor Kulub\u00fc\"},\"image\":{\"@id\":\"https:\/\/anemontrekking.com\/#\/schema\/logo\/image\/\"},\"sameAs\":[\"https:\/\/facebook.com\/anemontreking\",\"https:\/\/x.com\/anemon_trekking\",\"https:\/\/www.instagram.com\/anemontreking\/\"]}]}<\/script>\n<!-- \/ Yoast SEO plugin. -->","yoast_head_json":{"title":"MELANPAGOS \u00c7INTAR \u015eENL\u0130\u011e\u0130 (12.12.2021) - Anemon Trekking Spor Kulub\u00fc","robots":{"index":"index","follow":"follow","max-snippet":"max-snippet:-1","max-image-preview":"max-image-preview:large","max-video-preview":"max-video-preview:-1"},"canonical":"https:\/\/anemontrekking.com\/?page_id=695","og_locale":"tr_TR","og_type":"article","og_title":"MELANPAGOS \u00c7INTAR \u015eENL\u0130\u011e\u0130 (12.12.2021) - Anemon Trekking Spor Kulub\u00fc","og_description":"\u0130zmir\u2019in Yamanlar Da\u011f\u0131 kuzey y\u00fcz\u00fcnde s\u00fcpriz rotam\u0131zda \u00c7INTAR ve MANTAR \u015fenli\u011fi d\u00fczenliyoruz. Yan\u0131n\u0131zda bir torba ve b\u0131\u00e7ak bulundurun. \u015eenli\u011fe kat\u0131l\u0131n,Daha fazlas\u0131n\u0131 oku","og_url":"https:\/\/anemontrekking.com\/?page_id=695","og_site_name":"Anemon Trekking Spor Kulub\u00fc","article_publisher":"https:\/\/facebook.com\/anemontreking","article_modified_time":"2021-12-07T06:55:11+00:00","og_image":[{"url":"http:\/\/anemontrekking.com\/wp-content\/uploads\/2021\/12\/79128228_10157295374464652_1564456436161839104_n-1024x768.jpg","type":"","width":"","height":""}],"twitter_card":"summary_large_image","twitter_site":"@anemon_trekking","twitter_misc":{"Tahmini okuma s\u00fcresi":"1 dakika"},"schema":{"@context":"https:\/\/schema.org","@graph":[{"@type":"WebPage","@id":"https:\/\/anemontrekking.com\/?page_id=695","url":"https:\/\/anemontrekking.com\/?page_id=695","name":"MELANPAGOS \u00c7INTAR \u015eENL\u0130\u011e\u0130 (12.12.2021) - Anemon Trekking Spor Kulub\u00fc","isPartOf":{"@id":"https:\/\/anemontrekking.com\/#website"},"primaryImageOfPage":{"@id":"https:\/\/anemontrekking.com\/?page_id=695#primaryimage"},"image":{"@id":"https:\/\/anemontrekking.com\/?page_id=695#primaryimage"},"thumbnailUrl":"http:\/\/anemontrekking.com\/wp-content\/uploads\/2021\/12\/79128228_10157295374464652_1564456436161839104_n-1024x768.jpg","datePublished":"2021-12-07T06:55:10+00:00","dateModified":"2021-12-07T06:55:11+00:00","breadcrumb":{"@id":"https:\/\/anemontrekking.com\/?page_id=695#breadcrumb"},"inLanguage":"tr","potentialAction":[{"@type":"ReadAction","target":["https:\/\/anemontrekking.com\/?page_id=695"]}]},{"@type":"ImageObject","inLanguage":"tr","@id":"https:\/\/anemontrekking.com\/?page_id=695#primaryimage","url":"https:\/\/anemontrekking.com\/wp-content\/uploads\/2021\/12\/79128228_10157295374464652_1564456436161839104_n.jpg","contentUrl":"https:\/\/anemontrekking.com\/wp-content\/uploads\/2021\/12\/79128228_10157295374464652_1564456436161839104_n.jpg","width":2048,"height":1536},{"@type":"BreadcrumbList","@id":"https:\/\/anemontrekking.com\/?page_id=695#breadcrumb","itemListElement":[{"@type":"ListItem","position":1,"name":"Anasayfa","item":"https:\/\/anemontrekking.com\/"},{"@type":"ListItem","position":2,"name":"MELANPAGOS \u00c7INTAR \u015eENL\u0130\u011e\u0130 (12.12.2021)"}]},{"@type":"WebSite","@id":"https:\/\/anemontrekking.com\/#website","url":"https:\/\/anemontrekking.com\/","name":"Anemon Trekking Spor Kulub\u00fc","description":"Da\u011fc\u0131l\u0131k, Trekking,Kamp\u00e7\u0131l\u0131k ve Do\u011fa Sporlar\u0131","publisher":{"@id":"https:\/\/anemontrekking.com\/#organization"},"potentialAction":[{"@type":"SearchAction","target":{"@type":"EntryPoint","urlTemplate":"https:\/\/anemontrekking.com\/?s={search_term_string}"},"query-input":{"@type":"PropertyValueSpecification","valueRequired":true,"valueName":"search_term_string"}}],"inLanguage":"tr"},{"@type":"Organization","@id":"https:\/\/anemontrekking.com\/#organization","name":"Anemon Trekking Spor Kulub\u00fc","url":"https:\/\/anemontrekking.com\/","logo":{"@type":"ImageObject","inLanguage":"tr","@id":"https:\/\/anemontrekking.com\/#\/schema\/logo\/image\/","url":"http:\/\/anemontrekking.com\/wp-content\/uploads\/2021\/02\/47292421_10156386216874652_1517111611498692608_n.jpg","contentUrl":"http:\/\/anemontrekking.com\/wp-content\/uploads\/2021\/02\/47292421_10156386216874652_1517111611498692608_n.jpg","width":960,"height":906,"caption":"Anemon Trekking Spor Kulub\u00fc"},"image":{"@id":"https:\/\/anemontrekking.com\/#\/schema\/logo\/image\/"},"sameAs":["https:\/\/facebook.com\/anemontreking","https:\/\/x.com\/anemon_trekking","https:\/\/www.instagram.com\/anemontreking\/"]}]}},"_links":{"self":[{"href":"https:\/\/anemontrekking.com\/index.php?rest_route=\/wp\/v2\/pages\/695","targetHints":{"allow":["GET"]}}],"collection":[{"href":"https:\/\/anemontrekking.com\/index.php?rest_route=\/wp\/v2\/pages"}],"about":[{"href":"https:\/\/anemontrekking.com\/index.php?rest_route=\/wp\/v2\/types\/page"}],"author":[{"embeddable":true,"href":"https:\/\/anemontrekking.com\/index.php?rest_route=\/wp\/v2\/users\/1"}],"replies":[{"embeddable":true,"href":"https:\/\/anemontrekking.com\/index.php?rest_route=%2Fwp%2Fv2%2Fcomments&post=695"}],"version-history":[{"count":1,"href":"https:\/\/anemontrekking.com\/index.php?rest_route=\/wp\/v2\/pages\/695\/revisions"}],"predecessor-version":[{"id":697,"href":"https:\/\/anemontrekking.com\/index.php?rest_route=\/wp\/v2\/pages\/695\/revisions\/697"}],"wp:attachment":[{"href":"https:\/\/anemontrekking.com\/index.php?rest_route=%2Fwp%2Fv2%2Fmedia&parent=695"}],"curies":[{"name":"wp","href":"https:\/\/api.w.org\/{rel}","templated":true}]}}