{"id":2661,"date":"2024-03-13T10:18:04","date_gmt":"2024-03-13T07:18:04","guid":{"rendered":"https:\/\/anemontrekking.com\/?page_id=2661"},"modified":"2024-03-13T10:23:42","modified_gmt":"2024-03-13T07:23:42","slug":"kapidagi-yarimadasi-kampi-23-25-mart","status":"publish","type":"page","link":"https:\/\/anemontrekking.com\/?page_id=2661","title":{"rendered":"KAPIDA\u011eI YARIMADASI KAMPI (23-25 MART)"},"content":{"rendered":"\n<figure class=\"wp-block-image size-large\"><img loading=\"lazy\" decoding=\"async\" width=\"1024\" height=\"1024\" src=\"https:\/\/anemontrekking.com\/wp-content\/uploads\/2024\/03\/1-1-1024x1024.jpg\" alt=\"\" class=\"wp-image-2662\" srcset=\"https:\/\/anemontrekking.com\/wp-content\/uploads\/2024\/03\/1-1-1024x1024.jpg 1024w, https:\/\/anemontrekking.com\/wp-content\/uploads\/2024\/03\/1-1-300x300.jpg 300w, https:\/\/anemontrekking.com\/wp-content\/uploads\/2024\/03\/1-1-150x150.jpg 150w, https:\/\/anemontrekking.com\/wp-content\/uploads\/2024\/03\/1-1-768x768.jpg 768w, https:\/\/anemontrekking.com\/wp-content\/uploads\/2024\/03\/1-1.jpg 1080w\" sizes=\"auto, (max-width: 1024px) 100vw, 1024px\" \/><\/figure>\n\n\n\n<p>23 Mart 2024 Cumartesi sabah saat 05:00&#8217;te Manisa&#8217;dan yola \u00e7\u0131k\u0131yoruz. Yol \u00fcst\u00fcnde Ayd\u0131n \u00c7ine&#8217;de sabah kahvalt\u0131m\u0131z\u0131 yap\u0131yoruz. Kahvalt\u0131 sonras\u0131 yola devam edip Dalaman&#8217;da kamp al\u0131\u015fveri\u015f yapt\u0131ktan sonra Kap\u0131karg\u0131n K\u00fck\u00fcrt Kapl\u0131cas\u0131n\u0131 gezerek Sarsala koyuna do\u011fru ara\u00e7la devam ediyoruz. Sarsala koyunda ara\u00e7tan inip son haz\u0131rl\u0131klar\u0131m\u0131z\u0131 yap\u0131p sahil k\u0131y\u0131s\u0131ndan G\u00f6kgemile koyuna do\u011fru kamp y\u00fck\u00fcm\u00fcz ile be\u015f kilometre y\u00fcr\u00fcy\u00fc\u015f yap\u0131yoruz. G\u00f6kgemile koyuna giderken Hamam koyunda mola verip dinleniyoruz. G\u00f6kgemile koyuna ula\u015ft\u0131ktan sonra kamp\u0131m\u0131z\u0131 kurup dinleniyoruz. 24 Mart 2024 Pazar g\u00fcn\u00fc sabah G\u00f6kgemile koyundan ba\u015flayarak Kap\u0131da\u011f Yar\u0131madas\u0131n\u0131n gizemli g\u00fczelli\u011fi OBRU\u011eA gidiyoruz. Obru\u011fu gezdikten sonra Yavansu koyuna gidiyoruz. Yavansu koyunu gezdikten sonra Gobun koyuna gidiyoruz. Gobun koyunu gezdikten sonra G\u00f6kgemile koyuna geri d\u00f6n\u00fcyoruz. G\u00f6kgemile koyunda geceyi ge\u00e7iriyoruz. 25 Mart 2024 Pazartesi sabah kamp\u0131m\u0131z\u0131 toplayarak d\u00f6n\u00fc\u015fe ge\u00e7iyoruz. <\/p>\n\n\n\n<div class=\"wp-block-columns is-layout-flex wp-container-core-columns-is-layout-9d6595d7 wp-block-columns-is-layout-flex\">\n<div class=\"wp-block-column is-layout-flow wp-block-column-is-layout-flow\">\n<figure class=\"wp-block-image size-large\"><a href=\"https:\/\/anemontrekking.com\/wp-content\/uploads\/2024\/03\/2-1.jpg\"><img loading=\"lazy\" decoding=\"async\" width=\"1024\" height=\"1024\" src=\"https:\/\/anemontrekking.com\/wp-content\/uploads\/2024\/03\/2-1-1024x1024.jpg\" alt=\"\" class=\"wp-image-2663\" srcset=\"https:\/\/anemontrekking.com\/wp-content\/uploads\/2024\/03\/2-1-1024x1024.jpg 1024w, https:\/\/anemontrekking.com\/wp-content\/uploads\/2024\/03\/2-1-300x300.jpg 300w, https:\/\/anemontrekking.com\/wp-content\/uploads\/2024\/03\/2-1-150x150.jpg 150w, https:\/\/anemontrekking.com\/wp-content\/uploads\/2024\/03\/2-1-768x768.jpg 768w, https:\/\/anemontrekking.com\/wp-content\/uploads\/2024\/03\/2-1.jpg 1080w\" sizes=\"auto, (max-width: 1024px) 100vw, 1024px\" \/><\/a><\/figure>\n<\/div>\n\n\n\n<div class=\"wp-block-column is-layout-flow wp-block-column-is-layout-flow\">\n<figure class=\"wp-block-image size-large\"><a href=\"https:\/\/anemontrekking.com\/wp-content\/uploads\/2024\/03\/3-1.jpg\"><img loading=\"lazy\" decoding=\"async\" width=\"1024\" height=\"1024\" src=\"https:\/\/anemontrekking.com\/wp-content\/uploads\/2024\/03\/3-1-1024x1024.jpg\" alt=\"\" class=\"wp-image-2664\" srcset=\"https:\/\/anemontrekking.com\/wp-content\/uploads\/2024\/03\/3-1-1024x1024.jpg 1024w, https:\/\/anemontrekking.com\/wp-content\/uploads\/2024\/03\/3-1-300x300.jpg 300w, https:\/\/anemontrekking.com\/wp-content\/uploads\/2024\/03\/3-1-150x150.jpg 150w, https:\/\/anemontrekking.com\/wp-content\/uploads\/2024\/03\/3-1-768x768.jpg 768w, https:\/\/anemontrekking.com\/wp-content\/uploads\/2024\/03\/3-1.jpg 1080w\" sizes=\"auto, (max-width: 1024px) 100vw, 1024px\" \/><\/a><\/figure>\n<\/div>\n\n\n\n<div class=\"wp-block-column is-layout-flow wp-block-column-is-layout-flow\">\n<figure class=\"wp-block-image size-large\"><a href=\"https:\/\/anemontrekking.com\/wp-content\/uploads\/2024\/03\/4-1.jpg\"><img loading=\"lazy\" decoding=\"async\" width=\"1024\" height=\"1024\" src=\"https:\/\/anemontrekking.com\/wp-content\/uploads\/2024\/03\/4-1-1024x1024.jpg\" alt=\"\" class=\"wp-image-2665\" srcset=\"https:\/\/anemontrekking.com\/wp-content\/uploads\/2024\/03\/4-1-1024x1024.jpg 1024w, https:\/\/anemontrekking.com\/wp-content\/uploads\/2024\/03\/4-1-300x300.jpg 300w, https:\/\/anemontrekking.com\/wp-content\/uploads\/2024\/03\/4-1-150x150.jpg 150w, https:\/\/anemontrekking.com\/wp-content\/uploads\/2024\/03\/4-1-768x768.jpg 768w, https:\/\/anemontrekking.com\/wp-content\/uploads\/2024\/03\/4-1.jpg 1080w\" sizes=\"auto, (max-width: 1024px) 100vw, 1024px\" \/><\/a><\/figure>\n<\/div>\n<\/div>\n\n\n\n<div class=\"wp-block-columns is-layout-flex wp-container-core-columns-is-layout-9d6595d7 wp-block-columns-is-layout-flex\">\n<div class=\"wp-block-column is-layout-flow wp-block-column-is-layout-flow\">\n<figure class=\"wp-block-image size-large\"><a href=\"https:\/\/anemontrekking.com\/wp-content\/uploads\/2024\/03\/6.jpg\"><img loading=\"lazy\" decoding=\"async\" width=\"1024\" height=\"1024\" src=\"https:\/\/anemontrekking.com\/wp-content\/uploads\/2024\/03\/6-1024x1024.jpg\" alt=\"\" class=\"wp-image-2666\" srcset=\"https:\/\/anemontrekking.com\/wp-content\/uploads\/2024\/03\/6-1024x1024.jpg 1024w, https:\/\/anemontrekking.com\/wp-content\/uploads\/2024\/03\/6-300x300.jpg 300w, https:\/\/anemontrekking.com\/wp-content\/uploads\/2024\/03\/6-150x150.jpg 150w, https:\/\/anemontrekking.com\/wp-content\/uploads\/2024\/03\/6-768x768.jpg 768w, https:\/\/anemontrekking.com\/wp-content\/uploads\/2024\/03\/6.jpg 1080w\" sizes=\"auto, (max-width: 1024px) 100vw, 1024px\" \/><\/a><\/figure>\n<\/div>\n\n\n\n<div class=\"wp-block-column is-layout-flow wp-block-column-is-layout-flow\">\n<figure class=\"wp-block-image size-large\"><a href=\"https:\/\/anemontrekking.com\/wp-content\/uploads\/2024\/03\/8.jpg\"><img loading=\"lazy\" decoding=\"async\" width=\"1024\" height=\"1024\" src=\"https:\/\/anemontrekking.com\/wp-content\/uploads\/2024\/03\/8-1024x1024.jpg\" alt=\"\" class=\"wp-image-2667\" srcset=\"https:\/\/anemontrekking.com\/wp-content\/uploads\/2024\/03\/8-1024x1024.jpg 1024w, https:\/\/anemontrekking.com\/wp-content\/uploads\/2024\/03\/8-300x300.jpg 300w, https:\/\/anemontrekking.com\/wp-content\/uploads\/2024\/03\/8-150x150.jpg 150w, https:\/\/anemontrekking.com\/wp-content\/uploads\/2024\/03\/8-768x768.jpg 768w, https:\/\/anemontrekking.com\/wp-content\/uploads\/2024\/03\/8.jpg 1080w\" sizes=\"auto, (max-width: 1024px) 100vw, 1024px\" \/><\/a><\/figure>\n<\/div>\n\n\n\n<div class=\"wp-block-column is-layout-flow wp-block-column-is-layout-flow\">\n<figure class=\"wp-block-image size-large\"><a href=\"https:\/\/anemontrekking.com\/wp-content\/uploads\/2024\/03\/10.jpg\"><img loading=\"lazy\" decoding=\"async\" width=\"1024\" height=\"1024\" src=\"https:\/\/anemontrekking.com\/wp-content\/uploads\/2024\/03\/10-1024x1024.jpg\" alt=\"\" class=\"wp-image-2668\" srcset=\"https:\/\/anemontrekking.com\/wp-content\/uploads\/2024\/03\/10-1024x1024.jpg 1024w, https:\/\/anemontrekking.com\/wp-content\/uploads\/2024\/03\/10-300x300.jpg 300w, https:\/\/anemontrekking.com\/wp-content\/uploads\/2024\/03\/10-150x150.jpg 150w, https:\/\/anemontrekking.com\/wp-content\/uploads\/2024\/03\/10-768x768.jpg 768w, https:\/\/anemontrekking.com\/wp-content\/uploads\/2024\/03\/10.jpg 1080w\" sizes=\"auto, (max-width: 1024px) 100vw, 1024px\" \/><\/a><\/figure>\n<\/div>\n<\/div>\n\n\n\n<div class=\"wp-block-columns is-layout-flex wp-container-core-columns-is-layout-9d6595d7 wp-block-columns-is-layout-flex\">\n<div class=\"wp-block-column is-layout-flow wp-block-column-is-layout-flow\" style=\"flex-basis:25%\">\n<figure class=\"wp-block-image size-large\"><a href=\"https:\/\/anemontrekking.com\/wp-content\/uploads\/2024\/03\/12.jpg\"><img loading=\"lazy\" decoding=\"async\" width=\"1024\" height=\"1024\" src=\"https:\/\/anemontrekking.com\/wp-content\/uploads\/2024\/03\/12-1024x1024.jpg\" alt=\"\" class=\"wp-image-2669\" srcset=\"https:\/\/anemontrekking.com\/wp-content\/uploads\/2024\/03\/12-1024x1024.jpg 1024w, https:\/\/anemontrekking.com\/wp-content\/uploads\/2024\/03\/12-300x300.jpg 300w, https:\/\/anemontrekking.com\/wp-content\/uploads\/2024\/03\/12-150x150.jpg 150w, https:\/\/anemontrekking.com\/wp-content\/uploads\/2024\/03\/12-768x768.jpg 768w, https:\/\/anemontrekking.com\/wp-content\/uploads\/2024\/03\/12.jpg 1080w\" sizes=\"auto, (max-width: 1024px) 100vw, 1024px\" \/><\/a><\/figure>\n<\/div>\n\n\n\n<div class=\"wp-block-column is-layout-flow wp-block-column-is-layout-flow\" style=\"flex-basis:50%\">\n<figure class=\"wp-block-image size-large\"><a href=\"https:\/\/anemontrekking.com\/wp-content\/uploads\/2024\/03\/13.jpg\"><img loading=\"lazy\" decoding=\"async\" width=\"1024\" height=\"1024\" src=\"https:\/\/anemontrekking.com\/wp-content\/uploads\/2024\/03\/13-1024x1024.jpg\" alt=\"\" class=\"wp-image-2670\" srcset=\"https:\/\/anemontrekking.com\/wp-content\/uploads\/2024\/03\/13-1024x1024.jpg 1024w, https:\/\/anemontrekking.com\/wp-content\/uploads\/2024\/03\/13-300x300.jpg 300w, https:\/\/anemontrekking.com\/wp-content\/uploads\/2024\/03\/13-150x150.jpg 150w, https:\/\/anemontrekking.com\/wp-content\/uploads\/2024\/03\/13-768x768.jpg 768w, https:\/\/anemontrekking.com\/wp-content\/uploads\/2024\/03\/13.jpg 1080w\" sizes=\"auto, (max-width: 1024px) 100vw, 1024px\" \/><\/a><\/figure>\n<\/div>\n\n\n\n<div class=\"wp-block-column is-layout-flow wp-block-column-is-layout-flow\" style=\"flex-basis:25%\">\n<figure class=\"wp-block-image size-large\"><a href=\"https:\/\/anemontrekking.com\/wp-content\/uploads\/2024\/03\/16.jpg\"><img loading=\"lazy\" decoding=\"async\" width=\"1024\" height=\"1024\" src=\"https:\/\/anemontrekking.com\/wp-content\/uploads\/2024\/03\/16-1024x1024.jpg\" alt=\"\" class=\"wp-image-2671\" srcset=\"https:\/\/anemontrekking.com\/wp-content\/uploads\/2024\/03\/16-1024x1024.jpg 1024w, https:\/\/anemontrekking.com\/wp-content\/uploads\/2024\/03\/16-300x300.jpg 300w, https:\/\/anemontrekking.com\/wp-content\/uploads\/2024\/03\/16-150x150.jpg 150w, https:\/\/anemontrekking.com\/wp-content\/uploads\/2024\/03\/16-768x768.jpg 768w, https:\/\/anemontrekking.com\/wp-content\/uploads\/2024\/03\/16.jpg 1080w\" sizes=\"auto, (max-width: 1024px) 100vw, 1024px\" \/><\/a><\/figure>\n<\/div>\n<\/div>\n","protected":false},"excerpt":{"rendered":"<div class=\"slide-text-bg2\">\n<h3>23 Mart 2024 Cumartesi sabah saat 05:00&#8217;te Manisa&#8217;dan yola \u00e7\u0131k\u0131yoruz. Yol \u00fcst\u00fcnde Ayd\u0131n \u00c7ine&#8217;de sabah kahvalt\u0131m\u0131z\u0131 yap\u0131yoruz. Kahvalt\u0131 sonras\u0131 yola<\/h3>\n<\/div>\n<div class=\"flex-btn-div\"><a href=\"https:\/\/anemontrekking.com\/?page_id=2661\" class=\"btn1 flex-btn\">Daha fazlas\u0131n\u0131 oku<\/a><\/div>\n","protected":false},"author":1,"featured_media":0,"parent":0,"menu_order":0,"comment_status":"closed","ping_status":"closed","template":"","meta":{"ngg_post_thumbnail":0,"footnotes":""},"class_list":["post-2661","page","type-page","status-publish","hentry"],"yoast_head":"<!-- This site is optimized with the Yoast SEO plugin v26.3 - https:\/\/yoast.com\/wordpress\/plugins\/seo\/ -->\n<title>KAPIDA\u011eI YARIMADASI KAMPI (23-25 MART) - Anemon Trekking Spor Kulub\u00fc<\/title>\n<meta name=\"robots\" content=\"index, follow, max-snippet:-1, max-image-preview:large, max-video-preview:-1\" \/>\n<link rel=\"canonical\" href=\"https:\/\/anemontrekking.com\/?page_id=2661\" \/>\n<meta property=\"og:locale\" content=\"tr_TR\" \/>\n<meta property=\"og:type\" content=\"article\" \/>\n<meta property=\"og:title\" content=\"KAPIDA\u011eI YARIMADASI KAMPI (23-25 MART) - Anemon Trekking Spor Kulub\u00fc\" \/>\n<meta property=\"og:description\" content=\"23 Mart 2024 Cumartesi sabah saat 05:00&#8217;te Manisa&#8217;dan yola \u00e7\u0131k\u0131yoruz. Yol \u00fcst\u00fcnde Ayd\u0131n \u00c7ine&#8217;de sabah kahvalt\u0131m\u0131z\u0131 yap\u0131yoruz. Kahvalt\u0131 sonras\u0131 yolaDaha fazlas\u0131n\u0131 oku\" \/>\n<meta property=\"og:url\" content=\"https:\/\/anemontrekking.com\/?page_id=2661\" \/>\n<meta property=\"og:site_name\" content=\"Anemon Trekking Spor Kulub\u00fc\" \/>\n<meta property=\"article:publisher\" content=\"https:\/\/facebook.com\/anemontreking\" \/>\n<meta property=\"article:modified_time\" content=\"2024-03-13T07:23:42+00:00\" \/>\n<meta property=\"og:image\" content=\"https:\/\/anemontrekking.com\/wp-content\/uploads\/2024\/03\/1-1-1024x1024.jpg\" \/>\n<meta name=\"twitter:card\" content=\"summary_large_image\" \/>\n<meta name=\"twitter:site\" content=\"@anemon_trekking\" \/>\n<meta name=\"twitter:label1\" content=\"Tahmini okuma s\u00fcresi\" \/>\n\t<meta name=\"twitter:data1\" content=\"3 dakika\" \/>\n<script type=\"application\/ld+json\" class=\"yoast-schema-graph\">{\"@context\":\"https:\/\/schema.org\",\"@graph\":[{\"@type\":\"WebPage\",\"@id\":\"https:\/\/anemontrekking.com\/?page_id=2661\",\"url\":\"https:\/\/anemontrekking.com\/?page_id=2661\",\"name\":\"KAPIDA\u011eI YARIMADASI KAMPI (23-25 MART) - Anemon Trekking Spor Kulub\u00fc\",\"isPartOf\":{\"@id\":\"https:\/\/anemontrekking.com\/#website\"},\"primaryImageOfPage\":{\"@id\":\"https:\/\/anemontrekking.com\/?page_id=2661#primaryimage\"},\"image\":{\"@id\":\"https:\/\/anemontrekking.com\/?page_id=2661#primaryimage\"},\"thumbnailUrl\":\"https:\/\/anemontrekking.com\/wp-content\/uploads\/2024\/03\/1-1-1024x1024.jpg\",\"datePublished\":\"2024-03-13T07:18:04+00:00\",\"dateModified\":\"2024-03-13T07:23:42+00:00\",\"breadcrumb\":{\"@id\":\"https:\/\/anemontrekking.com\/?page_id=2661#breadcrumb\"},\"inLanguage\":\"tr\",\"potentialAction\":[{\"@type\":\"ReadAction\",\"target\":[\"https:\/\/anemontrekking.com\/?page_id=2661\"]}]},{\"@type\":\"ImageObject\",\"inLanguage\":\"tr\",\"@id\":\"https:\/\/anemontrekking.com\/?page_id=2661#primaryimage\",\"url\":\"https:\/\/anemontrekking.com\/wp-content\/uploads\/2024\/03\/1-1-1024x1024.jpg\",\"contentUrl\":\"https:\/\/anemontrekking.com\/wp-content\/uploads\/2024\/03\/1-1-1024x1024.jpg\"},{\"@type\":\"BreadcrumbList\",\"@id\":\"https:\/\/anemontrekking.com\/?page_id=2661#breadcrumb\",\"itemListElement\":[{\"@type\":\"ListItem\",\"position\":1,\"name\":\"Anasayfa\",\"item\":\"https:\/\/anemontrekking.com\/\"},{\"@type\":\"ListItem\",\"position\":2,\"name\":\"KAPIDA\u011eI YARIMADASI KAMPI (23-25 MART)\"}]},{\"@type\":\"WebSite\",\"@id\":\"https:\/\/anemontrekking.com\/#website\",\"url\":\"https:\/\/anemontrekking.com\/\",\"name\":\"Anemon Trekking Spor Kulub\u00fc\",\"description\":\"Da\u011fc\u0131l\u0131k, Trekking,Kamp\u00e7\u0131l\u0131k ve Do\u011fa Sporlar\u0131\",\"publisher\":{\"@id\":\"https:\/\/anemontrekking.com\/#organization\"},\"potentialAction\":[{\"@type\":\"SearchAction\",\"target\":{\"@type\":\"EntryPoint\",\"urlTemplate\":\"https:\/\/anemontrekking.com\/?s={search_term_string}\"},\"query-input\":{\"@type\":\"PropertyValueSpecification\",\"valueRequired\":true,\"valueName\":\"search_term_string\"}}],\"inLanguage\":\"tr\"},{\"@type\":\"Organization\",\"@id\":\"https:\/\/anemontrekking.com\/#organization\",\"name\":\"Anemon Trekking Spor Kulub\u00fc\",\"url\":\"https:\/\/anemontrekking.com\/\",\"logo\":{\"@type\":\"ImageObject\",\"inLanguage\":\"tr\",\"@id\":\"https:\/\/anemontrekking.com\/#\/schema\/logo\/image\/\",\"url\":\"http:\/\/anemontrekking.com\/wp-content\/uploads\/2021\/02\/47292421_10156386216874652_1517111611498692608_n.jpg\",\"contentUrl\":\"http:\/\/anemontrekking.com\/wp-content\/uploads\/2021\/02\/47292421_10156386216874652_1517111611498692608_n.jpg\",\"width\":960,\"height\":906,\"caption\":\"Anemon Trekking Spor Kulub\u00fc\"},\"image\":{\"@id\":\"https:\/\/anemontrekking.com\/#\/schema\/logo\/image\/\"},\"sameAs\":[\"https:\/\/facebook.com\/anemontreking\",\"https:\/\/x.com\/anemon_trekking\",\"https:\/\/www.instagram.com\/anemontreking\/\"]}]}<\/script>\n<!-- \/ Yoast SEO plugin. -->","yoast_head_json":{"title":"KAPIDA\u011eI YARIMADASI KAMPI (23-25 MART) - Anemon Trekking Spor Kulub\u00fc","robots":{"index":"index","follow":"follow","max-snippet":"max-snippet:-1","max-image-preview":"max-image-preview:large","max-video-preview":"max-video-preview:-1"},"canonical":"https:\/\/anemontrekking.com\/?page_id=2661","og_locale":"tr_TR","og_type":"article","og_title":"KAPIDA\u011eI YARIMADASI KAMPI (23-25 MART) - Anemon Trekking Spor Kulub\u00fc","og_description":"23 Mart 2024 Cumartesi sabah saat 05:00&#8217;te Manisa&#8217;dan yola \u00e7\u0131k\u0131yoruz. Yol \u00fcst\u00fcnde Ayd\u0131n \u00c7ine&#8217;de sabah kahvalt\u0131m\u0131z\u0131 yap\u0131yoruz. Kahvalt\u0131 sonras\u0131 yolaDaha fazlas\u0131n\u0131 oku","og_url":"https:\/\/anemontrekking.com\/?page_id=2661","og_site_name":"Anemon Trekking Spor Kulub\u00fc","article_publisher":"https:\/\/facebook.com\/anemontreking","article_modified_time":"2024-03-13T07:23:42+00:00","og_image":[{"url":"https:\/\/anemontrekking.com\/wp-content\/uploads\/2024\/03\/1-1-1024x1024.jpg","type":"","width":"","height":""}],"twitter_card":"summary_large_image","twitter_site":"@anemon_trekking","twitter_misc":{"Tahmini okuma s\u00fcresi":"3 dakika"},"schema":{"@context":"https:\/\/schema.org","@graph":[{"@type":"WebPage","@id":"https:\/\/anemontrekking.com\/?page_id=2661","url":"https:\/\/anemontrekking.com\/?page_id=2661","name":"KAPIDA\u011eI YARIMADASI KAMPI (23-25 MART) - Anemon Trekking Spor Kulub\u00fc","isPartOf":{"@id":"https:\/\/anemontrekking.com\/#website"},"primaryImageOfPage":{"@id":"https:\/\/anemontrekking.com\/?page_id=2661#primaryimage"},"image":{"@id":"https:\/\/anemontrekking.com\/?page_id=2661#primaryimage"},"thumbnailUrl":"https:\/\/anemontrekking.com\/wp-content\/uploads\/2024\/03\/1-1-1024x1024.jpg","datePublished":"2024-03-13T07:18:04+00:00","dateModified":"2024-03-13T07:23:42+00:00","breadcrumb":{"@id":"https:\/\/anemontrekking.com\/?page_id=2661#breadcrumb"},"inLanguage":"tr","potentialAction":[{"@type":"ReadAction","target":["https:\/\/anemontrekking.com\/?page_id=2661"]}]},{"@type":"ImageObject","inLanguage":"tr","@id":"https:\/\/anemontrekking.com\/?page_id=2661#primaryimage","url":"https:\/\/anemontrekking.com\/wp-content\/uploads\/2024\/03\/1-1-1024x1024.jpg","contentUrl":"https:\/\/anemontrekking.com\/wp-content\/uploads\/2024\/03\/1-1-1024x1024.jpg"},{"@type":"BreadcrumbList","@id":"https:\/\/anemontrekking.com\/?page_id=2661#breadcrumb","itemListElement":[{"@type":"ListItem","position":1,"name":"Anasayfa","item":"https:\/\/anemontrekking.com\/"},{"@type":"ListItem","position":2,"name":"KAPIDA\u011eI YARIMADASI KAMPI (23-25 MART)"}]},{"@type":"WebSite","@id":"https:\/\/anemontrekking.com\/#website","url":"https:\/\/anemontrekking.com\/","name":"Anemon Trekking Spor Kulub\u00fc","description":"Da\u011fc\u0131l\u0131k, Trekking,Kamp\u00e7\u0131l\u0131k ve Do\u011fa Sporlar\u0131","publisher":{"@id":"https:\/\/anemontrekking.com\/#organization"},"potentialAction":[{"@type":"SearchAction","target":{"@type":"EntryPoint","urlTemplate":"https:\/\/anemontrekking.com\/?s={search_term_string}"},"query-input":{"@type":"PropertyValueSpecification","valueRequired":true,"valueName":"search_term_string"}}],"inLanguage":"tr"},{"@type":"Organization","@id":"https:\/\/anemontrekking.com\/#organization","name":"Anemon Trekking Spor Kulub\u00fc","url":"https:\/\/anemontrekking.com\/","logo":{"@type":"ImageObject","inLanguage":"tr","@id":"https:\/\/anemontrekking.com\/#\/schema\/logo\/image\/","url":"http:\/\/anemontrekking.com\/wp-content\/uploads\/2021\/02\/47292421_10156386216874652_1517111611498692608_n.jpg","contentUrl":"http:\/\/anemontrekking.com\/wp-content\/uploads\/2021\/02\/47292421_10156386216874652_1517111611498692608_n.jpg","width":960,"height":906,"caption":"Anemon Trekking Spor Kulub\u00fc"},"image":{"@id":"https:\/\/anemontrekking.com\/#\/schema\/logo\/image\/"},"sameAs":["https:\/\/facebook.com\/anemontreking","https:\/\/x.com\/anemon_trekking","https:\/\/www.instagram.com\/anemontreking\/"]}]}},"_links":{"self":[{"href":"https:\/\/anemontrekking.com\/index.php?rest_route=\/wp\/v2\/pages\/2661","targetHints":{"allow":["GET"]}}],"collection":[{"href":"https:\/\/anemontrekking.com\/index.php?rest_route=\/wp\/v2\/pages"}],"about":[{"href":"https:\/\/anemontrekking.com\/index.php?rest_route=\/wp\/v2\/types\/page"}],"author":[{"embeddable":true,"href":"https:\/\/anemontrekking.com\/index.php?rest_route=\/wp\/v2\/users\/1"}],"replies":[{"embeddable":true,"href":"https:\/\/anemontrekking.com\/index.php?rest_route=%2Fwp%2Fv2%2Fcomments&post=2661"}],"version-history":[{"count":2,"href":"https:\/\/anemontrekking.com\/index.php?rest_route=\/wp\/v2\/pages\/2661\/revisions"}],"predecessor-version":[{"id":2674,"href":"https:\/\/anemontrekking.com\/index.php?rest_route=\/wp\/v2\/pages\/2661\/revisions\/2674"}],"wp:attachment":[{"href":"https:\/\/anemontrekking.com\/index.php?rest_route=%2Fwp%2Fv2%2Fmedia&parent=2661"}],"curies":[{"name":"wp","href":"https:\/\/api.w.org\/{rel}","templated":true}]}}