{"id":2148,"date":"2023-10-13T09:49:53","date_gmt":"2023-10-13T06:49:53","guid":{"rendered":"http:\/\/anemontrekking.com\/?page_id=2148"},"modified":"2025-12-30T11:16:37","modified_gmt":"2025-12-30T08:16:37","slug":"katilim-ve-uyelik-kosullari","status":"publish","type":"page","link":"https:\/\/anemontrekking.com\/?page_id=2148","title":{"rendered":"KATILIM VE \u00dcYEL\u0130K KO\u015eULLARI"},"content":{"rendered":"\n<figure class=\"wp-block-image size-large\"><img loading=\"lazy\" decoding=\"async\" width=\"1024\" height=\"471\" src=\"http:\/\/anemontrekking.com\/wp-content\/uploads\/2023\/10\/IMG_20231022_095840-1024x471.jpg\" alt=\"\" class=\"wp-image-2178\" srcset=\"https:\/\/anemontrekking.com\/wp-content\/uploads\/2023\/10\/IMG_20231022_095840-1024x471.jpg 1024w, https:\/\/anemontrekking.com\/wp-content\/uploads\/2023\/10\/IMG_20231022_095840-300x138.jpg 300w, https:\/\/anemontrekking.com\/wp-content\/uploads\/2023\/10\/IMG_20231022_095840-768x353.jpg 768w, https:\/\/anemontrekking.com\/wp-content\/uploads\/2023\/10\/IMG_20231022_095840-1536x707.jpg 1536w, https:\/\/anemontrekking.com\/wp-content\/uploads\/2023\/10\/IMG_20231022_095840-2048x942.jpg 2048w\" sizes=\"auto, (max-width: 1024px) 100vw, 1024px\" \/><\/figure>\n\n\n\n<p>Kul\u00fcb\u00fcm\u00fcz\u00fcn ayakta kalmas\u0131, d\u00fczenli olarak faaliyetler yapabilmesi, yap\u0131lan ve yap\u0131lacak olan faaliyetlerin sizlere duyurulabilmesi, di\u011fer masraflar\u0131n kar\u015f\u0131lanmas\u0131 amac\u0131yla faaliyetlerimize kat\u0131lacak olan yeni \u00fcyelerden y\u0131ll\u0131k bir defaya mahsus olmak \u00fczere \u00fcyelik bedeli al\u0131yoruz. <strong>2026 YILI \u00dcYEL\u0130K BEDEL\u0130 1200 TL (B\u0130N\u0130K\u0130Y\u00dcZ T\u00dcRK L\u0130RASIDIR)<\/strong><\/p>\n\n\n\n<p><strong>\u015eARTLAR VE KO\u015eULLAR<\/strong><\/p>\n\n\n\n<ol class=\"wp-block-list\">\n<li>\u00dcyelik ilgili hesaba paran\u0131n yat\u0131r\u0131ld\u0131\u011f\u0131 g\u00fcn ba\u015flar ve bir sonraki y\u0131l\u0131n ayn\u0131 g\u00fcn\u00fc biter.<\/li>\n\n\n\n<li>Faaliyetlere d\u00fczenli kat\u0131l\u0131m\u0131 te\u015fvik etmek amac\u0131yla bir y\u0131l i\u00e7inde <strong>15 FAAL\u0130YETE KATILAN \u00dcYELER\u0130N \u00dcYEL\u0130K \u00dcCRETLER\u0130 \u0130ADE ED\u0130L\u0130R. <\/strong><\/li>\n\n\n\n<li>\u00dcye olmadan tek seferlik bir faaliyetimize kat\u0131lmak isteyen M\u0130SAF\u0130RLERDEN 500 TL (BE\u015eY\u00dcZ T\u00dcRK L\u0130RASI) kat\u0131l\u0131m \u00fccreti al\u0131n\u0131r. (YOL MASRAFLARI HAR\u0130\u00c7)<\/li>\n\n\n\n<li>Kat\u0131l\u0131mc\u0131 say\u0131s\u0131 yirmi ki\u015fiyi ge\u00e7ti\u011finde M\u0130N\u0130B\u00dcS veya OTOB\u00dcS kiralan\u0131r. Yol masraflar\u0131 kat\u0131l\u0131mc\u0131lar aras\u0131nda payla\u015ft\u0131r\u0131l\u0131r. Kat\u0131l\u0131mc\u0131 say\u0131s\u0131 yirmi ki\u015finin alt\u0131nda kalmas\u0131 halinde \u00f6zel ara\u00e7lar\u0131m\u0131z ile etkinlik b\u00f6lgesine ula\u015f\u0131m sa\u011flan\u0131r. Arac\u0131 olmayanlar arac\u0131 ile gelecek \u00fcyelerimize y\u00f6nlendirilir, planlamas\u0131 yap\u0131l\u0131r. <\/li>\n<\/ol>\n\n\n\n<p><\/p>\n\n\n\n<p><\/p>\n","protected":false},"excerpt":{"rendered":"<div class=\"slide-text-bg2\">\n<h3>Kul\u00fcb\u00fcm\u00fcz\u00fcn ayakta kalmas\u0131, d\u00fczenli olarak faaliyetler yapabilmesi, yap\u0131lan ve yap\u0131lacak olan faaliyetlerin sizlere duyurulabilmesi, di\u011fer masraflar\u0131n kar\u015f\u0131lanmas\u0131 amac\u0131yla faaliyetlerimize kat\u0131lacak<\/h3>\n<\/div>\n<div class=\"flex-btn-div\"><a href=\"https:\/\/anemontrekking.com\/?page_id=2148\" class=\"btn1 flex-btn\">Daha fazlas\u0131n\u0131 oku<\/a><\/div>\n","protected":false},"author":1,"featured_media":0,"parent":0,"menu_order":0,"comment_status":"closed","ping_status":"closed","template":"","meta":{"ngg_post_thumbnail":0,"footnotes":""},"class_list":["post-2148","page","type-page","status-publish","hentry"],"yoast_head":"<!-- This site is optimized with the Yoast SEO plugin v26.3 - https:\/\/yoast.com\/wordpress\/plugins\/seo\/ -->\n<title>KATILIM VE \u00dcYEL\u0130K KO\u015eULLARI - Anemon Trekking Spor Kulub\u00fc<\/title>\n<meta name=\"robots\" content=\"index, follow, max-snippet:-1, max-image-preview:large, max-video-preview:-1\" \/>\n<link rel=\"canonical\" href=\"https:\/\/anemontrekking.com\/?page_id=2148\" \/>\n<meta property=\"og:locale\" content=\"tr_TR\" \/>\n<meta property=\"og:type\" content=\"article\" \/>\n<meta property=\"og:title\" content=\"KATILIM VE \u00dcYEL\u0130K KO\u015eULLARI - Anemon Trekking Spor Kulub\u00fc\" \/>\n<meta property=\"og:description\" content=\"Kul\u00fcb\u00fcm\u00fcz\u00fcn ayakta kalmas\u0131, d\u00fczenli olarak faaliyetler yapabilmesi, yap\u0131lan ve yap\u0131lacak olan faaliyetlerin sizlere duyurulabilmesi, di\u011fer masraflar\u0131n kar\u015f\u0131lanmas\u0131 amac\u0131yla faaliyetlerimize kat\u0131lacakDaha fazlas\u0131n\u0131 oku\" \/>\n<meta property=\"og:url\" content=\"https:\/\/anemontrekking.com\/?page_id=2148\" \/>\n<meta property=\"og:site_name\" content=\"Anemon Trekking Spor Kulub\u00fc\" \/>\n<meta property=\"article:publisher\" content=\"https:\/\/facebook.com\/anemontreking\" \/>\n<meta property=\"article:modified_time\" content=\"2025-12-30T08:16:37+00:00\" \/>\n<meta property=\"og:image\" content=\"https:\/\/anemontrekking.com\/wp-content\/uploads\/2023\/10\/IMG_20231022_095840-scaled.jpg\" \/>\n\t<meta property=\"og:image:width\" content=\"2560\" \/>\n\t<meta property=\"og:image:height\" content=\"1178\" \/>\n\t<meta property=\"og:image:type\" content=\"image\/jpeg\" \/>\n<meta name=\"twitter:card\" content=\"summary_large_image\" \/>\n<meta name=\"twitter:site\" content=\"@anemon_trekking\" \/>\n<meta name=\"twitter:label1\" content=\"Tahmini okuma s\u00fcresi\" \/>\n\t<meta name=\"twitter:data1\" content=\"1 dakika\" \/>\n<script type=\"application\/ld+json\" class=\"yoast-schema-graph\">{\"@context\":\"https:\/\/schema.org\",\"@graph\":[{\"@type\":\"WebPage\",\"@id\":\"https:\/\/anemontrekking.com\/?page_id=2148\",\"url\":\"https:\/\/anemontrekking.com\/?page_id=2148\",\"name\":\"KATILIM VE \u00dcYEL\u0130K KO\u015eULLARI - Anemon Trekking Spor Kulub\u00fc\",\"isPartOf\":{\"@id\":\"https:\/\/anemontrekking.com\/#website\"},\"primaryImageOfPage\":{\"@id\":\"https:\/\/anemontrekking.com\/?page_id=2148#primaryimage\"},\"image\":{\"@id\":\"https:\/\/anemontrekking.com\/?page_id=2148#primaryimage\"},\"thumbnailUrl\":\"http:\/\/anemontrekking.com\/wp-content\/uploads\/2023\/10\/IMG_20231022_095840-1024x471.jpg\",\"datePublished\":\"2023-10-13T06:49:53+00:00\",\"dateModified\":\"2025-12-30T08:16:37+00:00\",\"breadcrumb\":{\"@id\":\"https:\/\/anemontrekking.com\/?page_id=2148#breadcrumb\"},\"inLanguage\":\"tr\",\"potentialAction\":[{\"@type\":\"ReadAction\",\"target\":[\"https:\/\/anemontrekking.com\/?page_id=2148\"]}]},{\"@type\":\"ImageObject\",\"inLanguage\":\"tr\",\"@id\":\"https:\/\/anemontrekking.com\/?page_id=2148#primaryimage\",\"url\":\"https:\/\/anemontrekking.com\/wp-content\/uploads\/2023\/10\/IMG_20231022_095840-scaled.jpg\",\"contentUrl\":\"https:\/\/anemontrekking.com\/wp-content\/uploads\/2023\/10\/IMG_20231022_095840-scaled.jpg\",\"width\":2560,\"height\":1178},{\"@type\":\"BreadcrumbList\",\"@id\":\"https:\/\/anemontrekking.com\/?page_id=2148#breadcrumb\",\"itemListElement\":[{\"@type\":\"ListItem\",\"position\":1,\"name\":\"Anasayfa\",\"item\":\"https:\/\/anemontrekking.com\/\"},{\"@type\":\"ListItem\",\"position\":2,\"name\":\"KATILIM VE \u00dcYEL\u0130K KO\u015eULLARI\"}]},{\"@type\":\"WebSite\",\"@id\":\"https:\/\/anemontrekking.com\/#website\",\"url\":\"https:\/\/anemontrekking.com\/\",\"name\":\"Anemon Trekking Spor Kulub\u00fc\",\"description\":\"Da\u011fc\u0131l\u0131k, Trekking,Kamp\u00e7\u0131l\u0131k ve Do\u011fa Sporlar\u0131\",\"publisher\":{\"@id\":\"https:\/\/anemontrekking.com\/#organization\"},\"potentialAction\":[{\"@type\":\"SearchAction\",\"target\":{\"@type\":\"EntryPoint\",\"urlTemplate\":\"https:\/\/anemontrekking.com\/?s={search_term_string}\"},\"query-input\":{\"@type\":\"PropertyValueSpecification\",\"valueRequired\":true,\"valueName\":\"search_term_string\"}}],\"inLanguage\":\"tr\"},{\"@type\":\"Organization\",\"@id\":\"https:\/\/anemontrekking.com\/#organization\",\"name\":\"Anemon Trekking Spor Kulub\u00fc\",\"url\":\"https:\/\/anemontrekking.com\/\",\"logo\":{\"@type\":\"ImageObject\",\"inLanguage\":\"tr\",\"@id\":\"https:\/\/anemontrekking.com\/#\/schema\/logo\/image\/\",\"url\":\"http:\/\/anemontrekking.com\/wp-content\/uploads\/2021\/02\/47292421_10156386216874652_1517111611498692608_n.jpg\",\"contentUrl\":\"http:\/\/anemontrekking.com\/wp-content\/uploads\/2021\/02\/47292421_10156386216874652_1517111611498692608_n.jpg\",\"width\":960,\"height\":906,\"caption\":\"Anemon Trekking Spor Kulub\u00fc\"},\"image\":{\"@id\":\"https:\/\/anemontrekking.com\/#\/schema\/logo\/image\/\"},\"sameAs\":[\"https:\/\/facebook.com\/anemontreking\",\"https:\/\/x.com\/anemon_trekking\",\"https:\/\/www.instagram.com\/anemontreking\/\"]}]}<\/script>\n<!-- \/ Yoast SEO plugin. -->","yoast_head_json":{"title":"KATILIM VE \u00dcYEL\u0130K KO\u015eULLARI - Anemon Trekking Spor Kulub\u00fc","robots":{"index":"index","follow":"follow","max-snippet":"max-snippet:-1","max-image-preview":"max-image-preview:large","max-video-preview":"max-video-preview:-1"},"canonical":"https:\/\/anemontrekking.com\/?page_id=2148","og_locale":"tr_TR","og_type":"article","og_title":"KATILIM VE \u00dcYEL\u0130K KO\u015eULLARI - Anemon Trekking Spor Kulub\u00fc","og_description":"Kul\u00fcb\u00fcm\u00fcz\u00fcn ayakta kalmas\u0131, d\u00fczenli olarak faaliyetler yapabilmesi, yap\u0131lan ve yap\u0131lacak olan faaliyetlerin sizlere duyurulabilmesi, di\u011fer masraflar\u0131n kar\u015f\u0131lanmas\u0131 amac\u0131yla faaliyetlerimize kat\u0131lacakDaha fazlas\u0131n\u0131 oku","og_url":"https:\/\/anemontrekking.com\/?page_id=2148","og_site_name":"Anemon Trekking Spor Kulub\u00fc","article_publisher":"https:\/\/facebook.com\/anemontreking","article_modified_time":"2025-12-30T08:16:37+00:00","og_image":[{"width":2560,"height":1178,"url":"https:\/\/anemontrekking.com\/wp-content\/uploads\/2023\/10\/IMG_20231022_095840-scaled.jpg","type":"image\/jpeg"}],"twitter_card":"summary_large_image","twitter_site":"@anemon_trekking","twitter_misc":{"Tahmini okuma s\u00fcresi":"1 dakika"},"schema":{"@context":"https:\/\/schema.org","@graph":[{"@type":"WebPage","@id":"https:\/\/anemontrekking.com\/?page_id=2148","url":"https:\/\/anemontrekking.com\/?page_id=2148","name":"KATILIM VE \u00dcYEL\u0130K KO\u015eULLARI - Anemon Trekking Spor Kulub\u00fc","isPartOf":{"@id":"https:\/\/anemontrekking.com\/#website"},"primaryImageOfPage":{"@id":"https:\/\/anemontrekking.com\/?page_id=2148#primaryimage"},"image":{"@id":"https:\/\/anemontrekking.com\/?page_id=2148#primaryimage"},"thumbnailUrl":"http:\/\/anemontrekking.com\/wp-content\/uploads\/2023\/10\/IMG_20231022_095840-1024x471.jpg","datePublished":"2023-10-13T06:49:53+00:00","dateModified":"2025-12-30T08:16:37+00:00","breadcrumb":{"@id":"https:\/\/anemontrekking.com\/?page_id=2148#breadcrumb"},"inLanguage":"tr","potentialAction":[{"@type":"ReadAction","target":["https:\/\/anemontrekking.com\/?page_id=2148"]}]},{"@type":"ImageObject","inLanguage":"tr","@id":"https:\/\/anemontrekking.com\/?page_id=2148#primaryimage","url":"https:\/\/anemontrekking.com\/wp-content\/uploads\/2023\/10\/IMG_20231022_095840-scaled.jpg","contentUrl":"https:\/\/anemontrekking.com\/wp-content\/uploads\/2023\/10\/IMG_20231022_095840-scaled.jpg","width":2560,"height":1178},{"@type":"BreadcrumbList","@id":"https:\/\/anemontrekking.com\/?page_id=2148#breadcrumb","itemListElement":[{"@type":"ListItem","position":1,"name":"Anasayfa","item":"https:\/\/anemontrekking.com\/"},{"@type":"ListItem","position":2,"name":"KATILIM VE \u00dcYEL\u0130K KO\u015eULLARI"}]},{"@type":"WebSite","@id":"https:\/\/anemontrekking.com\/#website","url":"https:\/\/anemontrekking.com\/","name":"Anemon Trekking Spor Kulub\u00fc","description":"Da\u011fc\u0131l\u0131k, Trekking,Kamp\u00e7\u0131l\u0131k ve Do\u011fa Sporlar\u0131","publisher":{"@id":"https:\/\/anemontrekking.com\/#organization"},"potentialAction":[{"@type":"SearchAction","target":{"@type":"EntryPoint","urlTemplate":"https:\/\/anemontrekking.com\/?s={search_term_string}"},"query-input":{"@type":"PropertyValueSpecification","valueRequired":true,"valueName":"search_term_string"}}],"inLanguage":"tr"},{"@type":"Organization","@id":"https:\/\/anemontrekking.com\/#organization","name":"Anemon Trekking Spor Kulub\u00fc","url":"https:\/\/anemontrekking.com\/","logo":{"@type":"ImageObject","inLanguage":"tr","@id":"https:\/\/anemontrekking.com\/#\/schema\/logo\/image\/","url":"http:\/\/anemontrekking.com\/wp-content\/uploads\/2021\/02\/47292421_10156386216874652_1517111611498692608_n.jpg","contentUrl":"http:\/\/anemontrekking.com\/wp-content\/uploads\/2021\/02\/47292421_10156386216874652_1517111611498692608_n.jpg","width":960,"height":906,"caption":"Anemon Trekking Spor Kulub\u00fc"},"image":{"@id":"https:\/\/anemontrekking.com\/#\/schema\/logo\/image\/"},"sameAs":["https:\/\/facebook.com\/anemontreking","https:\/\/x.com\/anemon_trekking","https:\/\/www.instagram.com\/anemontreking\/"]}]}},"_links":{"self":[{"href":"https:\/\/anemontrekking.com\/index.php?rest_route=\/wp\/v2\/pages\/2148","targetHints":{"allow":["GET"]}}],"collection":[{"href":"https:\/\/anemontrekking.com\/index.php?rest_route=\/wp\/v2\/pages"}],"about":[{"href":"https:\/\/anemontrekking.com\/index.php?rest_route=\/wp\/v2\/types\/page"}],"author":[{"embeddable":true,"href":"https:\/\/anemontrekking.com\/index.php?rest_route=\/wp\/v2\/users\/1"}],"replies":[{"embeddable":true,"href":"https:\/\/anemontrekking.com\/index.php?rest_route=%2Fwp%2Fv2%2Fcomments&post=2148"}],"version-history":[{"count":11,"href":"https:\/\/anemontrekking.com\/index.php?rest_route=\/wp\/v2\/pages\/2148\/revisions"}],"predecessor-version":[{"id":3602,"href":"https:\/\/anemontrekking.com\/index.php?rest_route=\/wp\/v2\/pages\/2148\/revisions\/3602"}],"wp:attachment":[{"href":"https:\/\/anemontrekking.com\/index.php?rest_route=%2Fwp%2Fv2%2Fmedia&parent=2148"}],"curies":[{"name":"wp","href":"https:\/\/api.w.org\/{rel}","templated":true}]}}