{"id":2076,"date":"2023-09-20T09:10:36","date_gmt":"2023-09-20T06:10:36","guid":{"rendered":"http:\/\/anemontrekking.com\/?page_id=2076"},"modified":"2023-09-27T12:05:58","modified_gmt":"2023-09-27T09:05:58","slug":"sehitlikten-zirveye-100-yil-tirmanisi-spil-dagi","status":"publish","type":"page","link":"https:\/\/anemontrekking.com\/?page_id=2076","title":{"rendered":"\u015eEH\u0130TL\u0130KTEN Z\u0130RVEYE 100.YIL TIRMANI\u015eI (SP\u0130L DA\u011eI)"},"content":{"rendered":"\n<figure class=\"wp-block-image size-large is-resized\"><img loading=\"lazy\" decoding=\"async\" src=\"http:\/\/anemontrekking.com\/wp-content\/uploads\/2023\/09\/123103979_1433212166886621_141694790808366308_n-1024x768.jpg\" alt=\"\" class=\"wp-image-2083\" style=\"width:837px;height:628px\" width=\"837\" height=\"628\" srcset=\"https:\/\/anemontrekking.com\/wp-content\/uploads\/2023\/09\/123103979_1433212166886621_141694790808366308_n-1024x768.jpg 1024w, https:\/\/anemontrekking.com\/wp-content\/uploads\/2023\/09\/123103979_1433212166886621_141694790808366308_n-300x225.jpg 300w, https:\/\/anemontrekking.com\/wp-content\/uploads\/2023\/09\/123103979_1433212166886621_141694790808366308_n-768x576.jpg 768w, https:\/\/anemontrekking.com\/wp-content\/uploads\/2023\/09\/123103979_1433212166886621_141694790808366308_n-1536x1152.jpg 1536w, https:\/\/anemontrekking.com\/wp-content\/uploads\/2023\/09\/123103979_1433212166886621_141694790808366308_n.jpg 2048w\" sizes=\"auto, (max-width: 837px) 100vw, 837px\" \/><\/figure>\n\n\n\n<p>T\u00dcRK\u0130YE CUMHUR\u0130YET\u0130N\u0130N 100.YILININ KURULU\u015eUNUN Y\u00dcZ\u00dcNC\u00dc YILI ANISINA, Manisa \u015eehitli\u011finden \u015eEH\u0130T TOPRA\u011eI alarak, KUTSAL EMANETLER\u0130 1500 METRE t\u0131rmanarak SP\u0130L \u00d6NDUVAR BAYRAK D\u0130RE\u011e\u0130 \u00d6N\u00dcNE D\u00d6K\u00dcP \u015eEH\u0130TLER\u0130M\u0130Z\u0130 YAD EDECE\u011e\u0130Z. T\u00fcrkiye Cumhuriyetinin 100.YILINI CO\u015eKUYLA Z\u0130RVEDE KUTLAYACA\u011eIZ.<\/p>\n\n\n\n<div class=\"wp-block-columns is-layout-flex wp-container-core-columns-is-layout-9d6595d7 wp-block-columns-is-layout-flex\">\n<div class=\"wp-block-column is-layout-flow wp-block-column-is-layout-flow\">\n<figure class=\"wp-block-image size-full\"><a href=\"http:\/\/anemontrekking.com\/wp-content\/uploads\/2023\/09\/0x0-sehitlikten-spil-daginin-zirvesine-sehit-topragi-1598789591571.jpg\"><img loading=\"lazy\" decoding=\"async\" width=\"780\" height=\"440\" src=\"http:\/\/anemontrekking.com\/wp-content\/uploads\/2023\/09\/0x0-sehitlikten-spil-daginin-zirvesine-sehit-topragi-1598789591571.jpg\" alt=\"\" class=\"wp-image-2079\" srcset=\"https:\/\/anemontrekking.com\/wp-content\/uploads\/2023\/09\/0x0-sehitlikten-spil-daginin-zirvesine-sehit-topragi-1598789591571.jpg 780w, https:\/\/anemontrekking.com\/wp-content\/uploads\/2023\/09\/0x0-sehitlikten-spil-daginin-zirvesine-sehit-topragi-1598789591571-300x169.jpg 300w, https:\/\/anemontrekking.com\/wp-content\/uploads\/2023\/09\/0x0-sehitlikten-spil-daginin-zirvesine-sehit-topragi-1598789591571-768x433.jpg 768w\" sizes=\"auto, (max-width: 780px) 100vw, 780px\" \/><\/a><\/figure>\n<\/div>\n\n\n\n<div class=\"wp-block-column is-layout-flow wp-block-column-is-layout-flow\">\n<figure class=\"wp-block-image size-full\"><a href=\"http:\/\/anemontrekking.com\/wp-content\/uploads\/2023\/09\/780x411-sehitlikten-spil-daginin-zirvesine-sehit-topragi-1598789529633.jpg\"><img loading=\"lazy\" decoding=\"async\" width=\"780\" height=\"411\" src=\"http:\/\/anemontrekking.com\/wp-content\/uploads\/2023\/09\/780x411-sehitlikten-spil-daginin-zirvesine-sehit-topragi-1598789529633.jpg\" alt=\"\" class=\"wp-image-2080\" srcset=\"https:\/\/anemontrekking.com\/wp-content\/uploads\/2023\/09\/780x411-sehitlikten-spil-daginin-zirvesine-sehit-topragi-1598789529633.jpg 780w, https:\/\/anemontrekking.com\/wp-content\/uploads\/2023\/09\/780x411-sehitlikten-spil-daginin-zirvesine-sehit-topragi-1598789529633-300x158.jpg 300w, https:\/\/anemontrekking.com\/wp-content\/uploads\/2023\/09\/780x411-sehitlikten-spil-daginin-zirvesine-sehit-topragi-1598789529633-768x405.jpg 768w\" sizes=\"auto, (max-width: 780px) 100vw, 780px\" \/><\/a><\/figure>\n<\/div>\n\n\n\n<div class=\"wp-block-column is-layout-flow wp-block-column-is-layout-flow\">\n<figure class=\"wp-block-image size-full\"><a href=\"http:\/\/anemontrekking.com\/wp-content\/uploads\/2023\/09\/0x0-sehitlikten-spil-daginin-zirvesine-sehit-topragi-1598789589113.jpg\"><img loading=\"lazy\" decoding=\"async\" width=\"780\" height=\"440\" src=\"http:\/\/anemontrekking.com\/wp-content\/uploads\/2023\/09\/0x0-sehitlikten-spil-daginin-zirvesine-sehit-topragi-1598789589113.jpg\" alt=\"\" class=\"wp-image-2081\" srcset=\"https:\/\/anemontrekking.com\/wp-content\/uploads\/2023\/09\/0x0-sehitlikten-spil-daginin-zirvesine-sehit-topragi-1598789589113.jpg 780w, https:\/\/anemontrekking.com\/wp-content\/uploads\/2023\/09\/0x0-sehitlikten-spil-daginin-zirvesine-sehit-topragi-1598789589113-300x169.jpg 300w, https:\/\/anemontrekking.com\/wp-content\/uploads\/2023\/09\/0x0-sehitlikten-spil-daginin-zirvesine-sehit-topragi-1598789589113-768x433.jpg 768w\" sizes=\"auto, (max-width: 780px) 100vw, 780px\" \/><\/a><\/figure>\n<\/div>\n<\/div>\n\n\n\n<p><strong>Program :<\/strong><\/p>\n\n\n\n<p><strong>29 Ekim Pazar<\/strong><\/p>\n\n\n\n<p>07:00 Manisa Cumhuriyet Meydan\u0131 \u00d6n\u00fcnde Bulu\u015fma ve T\u00f6ren<\/p>\n\n\n\n<p>07:30 Manisa \u015eehitli\u011fine Hareket<\/p>\n\n\n\n<p>08:00 \u015eehitlikten \u015eEH\u0130T TOPRA\u011eI ALMA T\u00d6REN\u0130 (KUTSAL EMANET) <\/p>\n\n\n\n<p>08:30 \u015eehitlikten Spil \u00d6nduvar Bayrak Tepeye, Mevlevihane, Karakaya Teraslar\u0131, Armutsuyu rotas\u0131ndan 1500 metre y\u00fckselme<\/p>\n\n\n\n<p>14:00 Tahmini Zirveye var\u0131\u015f ve \u015eEH\u0130T TOPRA\u011eININ BAYRAKTEPEYE SERP\u0130LMES\u0130 VE DUALAR (KUTSAL EMANET)<\/p>\n\n\n\n<p>15:00 Z\u0130RVEDEN ARA\u00c7LA MAN\u0130SA&#8217;YA D\u00d6N\u00dc\u015e<\/p>\n\n\n\n<p><strong>KAYIT ve B\u0130LG\u0130 \u0130\u00c7\u0130N :<\/strong><\/p>\n\n\n\n<p>Anemon Trekking Whatsap Hatt\u0131 : 0-850-303 91 11 numaral\u0131 telefondan irtibata ge\u00e7ebilirsiniz.<\/p>\n\n\n\n<p><strong>NOT :<\/strong><\/p>\n\n\n\n<p>Programda de\u011fi\u015fiklikler ve sarkmalar olabilir. Faaliyet esnas\u0131nda parkurda ayarlama yap\u0131labilir.<\/p>\n\n\n\n<p><strong>ULA\u015eIM :<\/strong><\/p>\n\n\n\n<p>Organizasyon taraf\u0131ndan sa\u011flanacakt\u0131r.<\/p>\n\n\n\n<p>Anemon Trekking Whatsap Duyuru Gurubuna \u00fcye olarak bundan sonraki etkinliklerimizden haberdar olmak i\u00e7in<\/p>\n\n\n\n<p>WHATSAP \u0130\u00c7\u0130N&nbsp;<a rel=\"noreferrer noopener\" href=\"https:\/\/l.facebook.com\/l.php?u=https%3A%2F%2Fchat.whatsapp.com%2FEstLmUsfztaBqgDSmO8fPZ%3Ffbclid%3DIwAR0sDHYHloBbI78PY_2r3eBZZPvlTiB1ugh80AF5BYjPBtWiXmRxqz_hr6w&amp;h=AT1yFYtc0OgYQeD6uxJI07qa5amrHRjejQtsZhS16ym_4zfnoUqn4QTh-izh90lmC2xKb4z6PDbOgr7j__LP16wm89H6pEuKAWNA-_IZ5hjPCZHjdnD3MoTgh7V-MmkG&amp;__tn__=q&amp;c[0]=AT0pxQ85jpasBZy2aucmM8UYMpnhWXT-NCy483Xy6r_sLFuYjKV1x6rE8vK-9hpb4v5eC9A1E4z4xCNGUFejaq6NJ3loQ0UKauMZCTIZcvWMW5HDgPKEgj4ZZta3520x5AkX8gD2vjbzH2m2qdGgGGRE\" target=\"_blank\">https:\/\/chat.whatsapp.com\/EstLmUsfztaBqgDSmO8fPZ<\/a><\/p>\n\n\n\n<p>TELEGRAM \u0130\u00c7\u0130N<a rel=\"noreferrer noopener\" href=\"https:\/\/t.me\/anemontrekking?fbclid=IwAR105Us33vm973055gLPwgsM6ajaRDfV_lRQV-qxGJ7H-OjD25317-3xupU\" target=\"_blank\">&nbsp;https:\/\/t.me\/anemontrekking<\/a><\/p>\n\n\n\n<p><\/p>\n","protected":false},"excerpt":{"rendered":"<div class=\"slide-text-bg2\">\n<h3>T\u00dcRK\u0130YE CUMHUR\u0130YET\u0130N\u0130N 100.YILININ KURULU\u015eUNUN Y\u00dcZ\u00dcNC\u00dc YILI ANISINA, Manisa \u015eehitli\u011finden \u015eEH\u0130T TOPRA\u011eI alarak, KUTSAL EMANETLER\u0130 1500 METRE t\u0131rmanarak SP\u0130L \u00d6NDUVAR BAYRAK<\/h3>\n<\/div>\n<div class=\"flex-btn-div\"><a href=\"https:\/\/anemontrekking.com\/?page_id=2076\" class=\"btn1 flex-btn\">Daha fazlas\u0131n\u0131 oku<\/a><\/div>\n","protected":false},"author":1,"featured_media":0,"parent":0,"menu_order":0,"comment_status":"closed","ping_status":"closed","template":"","meta":{"ngg_post_thumbnail":0,"footnotes":""},"class_list":["post-2076","page","type-page","status-publish","hentry"],"yoast_head":"<!-- This site is optimized with the Yoast SEO plugin v26.3 - https:\/\/yoast.com\/wordpress\/plugins\/seo\/ -->\n<title>\u015eEH\u0130TL\u0130KTEN Z\u0130RVEYE 100.YIL TIRMANI\u015eI (SP\u0130L DA\u011eI) - Anemon Trekking Spor Kulub\u00fc<\/title>\n<meta name=\"robots\" content=\"index, follow, max-snippet:-1, max-image-preview:large, max-video-preview:-1\" \/>\n<link rel=\"canonical\" href=\"https:\/\/anemontrekking.com\/?page_id=2076\" \/>\n<meta property=\"og:locale\" content=\"tr_TR\" \/>\n<meta property=\"og:type\" content=\"article\" \/>\n<meta property=\"og:title\" content=\"\u015eEH\u0130TL\u0130KTEN Z\u0130RVEYE 100.YIL TIRMANI\u015eI (SP\u0130L DA\u011eI) - Anemon Trekking Spor Kulub\u00fc\" \/>\n<meta property=\"og:description\" content=\"T\u00dcRK\u0130YE CUMHUR\u0130YET\u0130N\u0130N 100.YILININ KURULU\u015eUNUN Y\u00dcZ\u00dcNC\u00dc YILI ANISINA, Manisa \u015eehitli\u011finden \u015eEH\u0130T TOPRA\u011eI alarak, KUTSAL EMANETLER\u0130 1500 METRE t\u0131rmanarak SP\u0130L \u00d6NDUVAR BAYRAKDaha fazlas\u0131n\u0131 oku\" \/>\n<meta property=\"og:url\" content=\"https:\/\/anemontrekking.com\/?page_id=2076\" \/>\n<meta property=\"og:site_name\" content=\"Anemon Trekking Spor Kulub\u00fc\" \/>\n<meta property=\"article:publisher\" content=\"https:\/\/facebook.com\/anemontreking\" \/>\n<meta property=\"article:modified_time\" content=\"2023-09-27T09:05:58+00:00\" \/>\n<meta property=\"og:image\" content=\"http:\/\/anemontrekking.com\/wp-content\/uploads\/2023\/09\/123103979_1433212166886621_141694790808366308_n-1024x768.jpg\" \/>\n<meta name=\"twitter:card\" content=\"summary_large_image\" \/>\n<meta name=\"twitter:site\" content=\"@anemon_trekking\" \/>\n<meta name=\"twitter:label1\" content=\"Tahmini okuma s\u00fcresi\" \/>\n\t<meta name=\"twitter:data1\" content=\"2 dakika\" \/>\n<script type=\"application\/ld+json\" class=\"yoast-schema-graph\">{\"@context\":\"https:\/\/schema.org\",\"@graph\":[{\"@type\":\"WebPage\",\"@id\":\"https:\/\/anemontrekking.com\/?page_id=2076\",\"url\":\"https:\/\/anemontrekking.com\/?page_id=2076\",\"name\":\"\u015eEH\u0130TL\u0130KTEN Z\u0130RVEYE 100.YIL TIRMANI\u015eI (SP\u0130L DA\u011eI) - Anemon Trekking Spor Kulub\u00fc\",\"isPartOf\":{\"@id\":\"https:\/\/anemontrekking.com\/#website\"},\"primaryImageOfPage\":{\"@id\":\"https:\/\/anemontrekking.com\/?page_id=2076#primaryimage\"},\"image\":{\"@id\":\"https:\/\/anemontrekking.com\/?page_id=2076#primaryimage\"},\"thumbnailUrl\":\"http:\/\/anemontrekking.com\/wp-content\/uploads\/2023\/09\/123103979_1433212166886621_141694790808366308_n-1024x768.jpg\",\"datePublished\":\"2023-09-20T06:10:36+00:00\",\"dateModified\":\"2023-09-27T09:05:58+00:00\",\"breadcrumb\":{\"@id\":\"https:\/\/anemontrekking.com\/?page_id=2076#breadcrumb\"},\"inLanguage\":\"tr\",\"potentialAction\":[{\"@type\":\"ReadAction\",\"target\":[\"https:\/\/anemontrekking.com\/?page_id=2076\"]}]},{\"@type\":\"ImageObject\",\"inLanguage\":\"tr\",\"@id\":\"https:\/\/anemontrekking.com\/?page_id=2076#primaryimage\",\"url\":\"https:\/\/anemontrekking.com\/wp-content\/uploads\/2023\/09\/123103979_1433212166886621_141694790808366308_n.jpg\",\"contentUrl\":\"https:\/\/anemontrekking.com\/wp-content\/uploads\/2023\/09\/123103979_1433212166886621_141694790808366308_n.jpg\",\"width\":2048,\"height\":1536},{\"@type\":\"BreadcrumbList\",\"@id\":\"https:\/\/anemontrekking.com\/?page_id=2076#breadcrumb\",\"itemListElement\":[{\"@type\":\"ListItem\",\"position\":1,\"name\":\"Anasayfa\",\"item\":\"https:\/\/anemontrekking.com\/\"},{\"@type\":\"ListItem\",\"position\":2,\"name\":\"\u015eEH\u0130TL\u0130KTEN Z\u0130RVEYE 100.YIL TIRMANI\u015eI (SP\u0130L DA\u011eI)\"}]},{\"@type\":\"WebSite\",\"@id\":\"https:\/\/anemontrekking.com\/#website\",\"url\":\"https:\/\/anemontrekking.com\/\",\"name\":\"Anemon Trekking Spor Kulub\u00fc\",\"description\":\"Da\u011fc\u0131l\u0131k, Trekking,Kamp\u00e7\u0131l\u0131k ve Do\u011fa Sporlar\u0131\",\"publisher\":{\"@id\":\"https:\/\/anemontrekking.com\/#organization\"},\"potentialAction\":[{\"@type\":\"SearchAction\",\"target\":{\"@type\":\"EntryPoint\",\"urlTemplate\":\"https:\/\/anemontrekking.com\/?s={search_term_string}\"},\"query-input\":{\"@type\":\"PropertyValueSpecification\",\"valueRequired\":true,\"valueName\":\"search_term_string\"}}],\"inLanguage\":\"tr\"},{\"@type\":\"Organization\",\"@id\":\"https:\/\/anemontrekking.com\/#organization\",\"name\":\"Anemon Trekking Spor Kulub\u00fc\",\"url\":\"https:\/\/anemontrekking.com\/\",\"logo\":{\"@type\":\"ImageObject\",\"inLanguage\":\"tr\",\"@id\":\"https:\/\/anemontrekking.com\/#\/schema\/logo\/image\/\",\"url\":\"http:\/\/anemontrekking.com\/wp-content\/uploads\/2021\/02\/47292421_10156386216874652_1517111611498692608_n.jpg\",\"contentUrl\":\"http:\/\/anemontrekking.com\/wp-content\/uploads\/2021\/02\/47292421_10156386216874652_1517111611498692608_n.jpg\",\"width\":960,\"height\":906,\"caption\":\"Anemon Trekking Spor Kulub\u00fc\"},\"image\":{\"@id\":\"https:\/\/anemontrekking.com\/#\/schema\/logo\/image\/\"},\"sameAs\":[\"https:\/\/facebook.com\/anemontreking\",\"https:\/\/x.com\/anemon_trekking\",\"https:\/\/www.instagram.com\/anemontreking\/\"]}]}<\/script>\n<!-- \/ Yoast SEO plugin. -->","yoast_head_json":{"title":"\u015eEH\u0130TL\u0130KTEN Z\u0130RVEYE 100.YIL TIRMANI\u015eI (SP\u0130L DA\u011eI) - Anemon Trekking Spor Kulub\u00fc","robots":{"index":"index","follow":"follow","max-snippet":"max-snippet:-1","max-image-preview":"max-image-preview:large","max-video-preview":"max-video-preview:-1"},"canonical":"https:\/\/anemontrekking.com\/?page_id=2076","og_locale":"tr_TR","og_type":"article","og_title":"\u015eEH\u0130TL\u0130KTEN Z\u0130RVEYE 100.YIL TIRMANI\u015eI (SP\u0130L DA\u011eI) - Anemon Trekking Spor Kulub\u00fc","og_description":"T\u00dcRK\u0130YE CUMHUR\u0130YET\u0130N\u0130N 100.YILININ KURULU\u015eUNUN Y\u00dcZ\u00dcNC\u00dc YILI ANISINA, Manisa \u015eehitli\u011finden \u015eEH\u0130T TOPRA\u011eI alarak, KUTSAL EMANETLER\u0130 1500 METRE t\u0131rmanarak SP\u0130L \u00d6NDUVAR BAYRAKDaha fazlas\u0131n\u0131 oku","og_url":"https:\/\/anemontrekking.com\/?page_id=2076","og_site_name":"Anemon Trekking Spor Kulub\u00fc","article_publisher":"https:\/\/facebook.com\/anemontreking","article_modified_time":"2023-09-27T09:05:58+00:00","og_image":[{"url":"http:\/\/anemontrekking.com\/wp-content\/uploads\/2023\/09\/123103979_1433212166886621_141694790808366308_n-1024x768.jpg","type":"","width":"","height":""}],"twitter_card":"summary_large_image","twitter_site":"@anemon_trekking","twitter_misc":{"Tahmini okuma s\u00fcresi":"2 dakika"},"schema":{"@context":"https:\/\/schema.org","@graph":[{"@type":"WebPage","@id":"https:\/\/anemontrekking.com\/?page_id=2076","url":"https:\/\/anemontrekking.com\/?page_id=2076","name":"\u015eEH\u0130TL\u0130KTEN Z\u0130RVEYE 100.YIL TIRMANI\u015eI (SP\u0130L DA\u011eI) - Anemon Trekking Spor Kulub\u00fc","isPartOf":{"@id":"https:\/\/anemontrekking.com\/#website"},"primaryImageOfPage":{"@id":"https:\/\/anemontrekking.com\/?page_id=2076#primaryimage"},"image":{"@id":"https:\/\/anemontrekking.com\/?page_id=2076#primaryimage"},"thumbnailUrl":"http:\/\/anemontrekking.com\/wp-content\/uploads\/2023\/09\/123103979_1433212166886621_141694790808366308_n-1024x768.jpg","datePublished":"2023-09-20T06:10:36+00:00","dateModified":"2023-09-27T09:05:58+00:00","breadcrumb":{"@id":"https:\/\/anemontrekking.com\/?page_id=2076#breadcrumb"},"inLanguage":"tr","potentialAction":[{"@type":"ReadAction","target":["https:\/\/anemontrekking.com\/?page_id=2076"]}]},{"@type":"ImageObject","inLanguage":"tr","@id":"https:\/\/anemontrekking.com\/?page_id=2076#primaryimage","url":"https:\/\/anemontrekking.com\/wp-content\/uploads\/2023\/09\/123103979_1433212166886621_141694790808366308_n.jpg","contentUrl":"https:\/\/anemontrekking.com\/wp-content\/uploads\/2023\/09\/123103979_1433212166886621_141694790808366308_n.jpg","width":2048,"height":1536},{"@type":"BreadcrumbList","@id":"https:\/\/anemontrekking.com\/?page_id=2076#breadcrumb","itemListElement":[{"@type":"ListItem","position":1,"name":"Anasayfa","item":"https:\/\/anemontrekking.com\/"},{"@type":"ListItem","position":2,"name":"\u015eEH\u0130TL\u0130KTEN Z\u0130RVEYE 100.YIL TIRMANI\u015eI (SP\u0130L DA\u011eI)"}]},{"@type":"WebSite","@id":"https:\/\/anemontrekking.com\/#website","url":"https:\/\/anemontrekking.com\/","name":"Anemon Trekking Spor Kulub\u00fc","description":"Da\u011fc\u0131l\u0131k, Trekking,Kamp\u00e7\u0131l\u0131k ve Do\u011fa Sporlar\u0131","publisher":{"@id":"https:\/\/anemontrekking.com\/#organization"},"potentialAction":[{"@type":"SearchAction","target":{"@type":"EntryPoint","urlTemplate":"https:\/\/anemontrekking.com\/?s={search_term_string}"},"query-input":{"@type":"PropertyValueSpecification","valueRequired":true,"valueName":"search_term_string"}}],"inLanguage":"tr"},{"@type":"Organization","@id":"https:\/\/anemontrekking.com\/#organization","name":"Anemon Trekking Spor Kulub\u00fc","url":"https:\/\/anemontrekking.com\/","logo":{"@type":"ImageObject","inLanguage":"tr","@id":"https:\/\/anemontrekking.com\/#\/schema\/logo\/image\/","url":"http:\/\/anemontrekking.com\/wp-content\/uploads\/2021\/02\/47292421_10156386216874652_1517111611498692608_n.jpg","contentUrl":"http:\/\/anemontrekking.com\/wp-content\/uploads\/2021\/02\/47292421_10156386216874652_1517111611498692608_n.jpg","width":960,"height":906,"caption":"Anemon Trekking Spor Kulub\u00fc"},"image":{"@id":"https:\/\/anemontrekking.com\/#\/schema\/logo\/image\/"},"sameAs":["https:\/\/facebook.com\/anemontreking","https:\/\/x.com\/anemon_trekking","https:\/\/www.instagram.com\/anemontreking\/"]}]}},"_links":{"self":[{"href":"https:\/\/anemontrekking.com\/index.php?rest_route=\/wp\/v2\/pages\/2076","targetHints":{"allow":["GET"]}}],"collection":[{"href":"https:\/\/anemontrekking.com\/index.php?rest_route=\/wp\/v2\/pages"}],"about":[{"href":"https:\/\/anemontrekking.com\/index.php?rest_route=\/wp\/v2\/types\/page"}],"author":[{"embeddable":true,"href":"https:\/\/anemontrekking.com\/index.php?rest_route=\/wp\/v2\/users\/1"}],"replies":[{"embeddable":true,"href":"https:\/\/anemontrekking.com\/index.php?rest_route=%2Fwp%2Fv2%2Fcomments&post=2076"}],"version-history":[{"count":4,"href":"https:\/\/anemontrekking.com\/index.php?rest_route=\/wp\/v2\/pages\/2076\/revisions"}],"predecessor-version":[{"id":2096,"href":"https:\/\/anemontrekking.com\/index.php?rest_route=\/wp\/v2\/pages\/2076\/revisions\/2096"}],"wp:attachment":[{"href":"https:\/\/anemontrekking.com\/index.php?rest_route=%2Fwp%2Fv2%2Fmedia&parent=2076"}],"curies":[{"name":"wp","href":"https:\/\/api.w.org\/{rel}","templated":true}]}}