{"id":1438,"date":"2022-11-23T14:26:09","date_gmt":"2022-11-23T11:26:09","guid":{"rendered":"http:\/\/anemontrekking.com\/?page_id=1438"},"modified":"2022-11-23T14:34:10","modified_gmt":"2022-11-23T11:34:10","slug":"kargicak-kampi-radar-tepesi","status":"publish","type":"page","link":"https:\/\/anemontrekking.com\/?page_id=1438","title":{"rendered":"KARGICAK KAMPI RADAR TEPES\u0130"},"content":{"rendered":"\n<figure class=\"wp-block-image size-large\"><img loading=\"lazy\" decoding=\"async\" width=\"1024\" height=\"819\" src=\"http:\/\/anemontrekking.com\/wp-content\/uploads\/2022\/11\/Kargicak-RadarTepesi-1024x819.jpg\" alt=\"\" class=\"wp-image-1439\" srcset=\"https:\/\/anemontrekking.com\/wp-content\/uploads\/2022\/11\/Kargicak-RadarTepesi-1024x819.jpg 1024w, https:\/\/anemontrekking.com\/wp-content\/uploads\/2022\/11\/Kargicak-RadarTepesi-300x240.jpg 300w, https:\/\/anemontrekking.com\/wp-content\/uploads\/2022\/11\/Kargicak-RadarTepesi-768x614.jpg 768w, https:\/\/anemontrekking.com\/wp-content\/uploads\/2022\/11\/Kargicak-RadarTepesi-1536x1229.jpg 1536w, https:\/\/anemontrekking.com\/wp-content\/uploads\/2022\/11\/Kargicak-RadarTepesi.jpg 2000w\" sizes=\"auto, (max-width: 1024px) 100vw, 1024px\" \/><\/figure>\n\n\n\n<p>3 Aral\u0131k Cumartesi g\u00fcn\u00fc erken saatlerde Manisa&#8217;dan yola \u00e7\u0131karak saat 3 saat 11:00&#8217;de Dalyan&#8217;a ula\u015faca\u011f\u0131z. \u0130ztuzu plaj\u0131na do\u011fru tekne gezisi yapt\u0131ktan sonra zaman kal\u0131rsa feribotla KAUNOS ANT\u0130K KENT\u0130N\u0130 gezece\u011fiz. Daha sonra G\u00f6kbel k\u00f6y\u00fcn\u00fcn ilerisindeki KARGICAK koyuna ge\u00e7ip kamp\u0131m\u0131z\u0131 kuraca\u011f\u0131z. 4 Aral\u0131k Pazar g\u00fcn\u00fc sabah kahvalt\u0131m\u0131z\u0131 yapt\u0131ktan sonra planlanan rotadan G\u00f6kbel Radar Kulesine \u00e7\u0131k\u0131p DALYAN ve \u0130ZTUZU Plaj\u0131n\u0131n e\u015fsiz manzaras\u0131n\u0131 izleyece\u011fiz.  Daha sonra kamp alan\u0131m\u0131za indikten sonra kamp\u0131m\u0131z\u0131 toplay\u0131p MAN\u0130SA&#8217;ya do\u011fru yola \u00e7\u0131kaca\u011f\u0131z. \u0130\u00c7ER\u0130\u011e\u0130 ZENG\u0130N VE DA\u011eARCI\u011eINIZI MUHTE\u015eEM ANILAR \u0130LE DOLDURACA\u011eINIZ bu muhte\u015fem faaliyete sizleri bekliyoruz.<\/p>\n\n\n\n<p><strong>Program :<\/strong><\/p>\n\n\n\n<p><strong>3 Aral\u0131k Cumartesi<\/strong><\/p>\n\n\n\n<p>06:00 Manisa&#8217;dan hareket<\/p>\n\n\n\n<p>08:00 Ayd\u0131n \u00c7ine&#8217;de kahvalt\u0131<\/p>\n\n\n\n<p>11:00 Dalyan&#8217;a var\u0131\u015f, \u0130ztuzu Plaj\u0131 Tekne Gezisi, Kaunos Antik Kenti Gezisi<\/p>\n\n\n\n<p>16:00 Karg\u0131cak Koyuna ge\u00e7i\u015f ve kamp\u0131n kurulmas\u0131<\/p>\n\n\n\n<p>4<strong> Aral\u0131k Pazar<\/strong><\/p>\n\n\n\n<p>07:00 Kalk\u0131\u015f ve kahvalt\u0131<\/p>\n\n\n\n<p>08:00 Planlanan Rotadan G\u00f6kbel Radar Kulesine y\u00fcr\u00fcy\u00fc\u015f (Ortalama 10 km)<\/p>\n\n\n\n<p>14:00 Kampa d\u00f6n\u00fc\u015f ve kamp\u0131 toplama<\/p>\n\n\n\n<p>16:00 Manisa&#8217;ya hareket<\/p>\n\n\n\n<p>21:00 Manisa&#8217;ya var\u0131\u015f<br><\/p>\n\n\n\n<p><strong>KAYIT ve B\u0130LG\u0130 \u0130\u00c7\u0130N :<\/strong><br>Anemon Trekking Whatsap Hatt\u0131 : 0-850-303 91 11 numaral\u0131 telefondan irtibata ge\u00e7ebilirsiniz.<\/p>\n\n\n\n<p><br><strong>NOT :<\/strong><br>Programda de\u011fi\u015fiklikler ve sarkmalar olabilir. Faaliyet esnas\u0131nda parkurda ayarlama yap\u0131labilir. Herkes kamp malzemesini kendisi getirmek zorundad\u0131r. Hava ko\u015fullar\u0131ndaki olumsuzluk nedeniyle faaliyet bir sonraki haftaya ertelenebilir. Kaunos Antik M\u00fcze giri\u015fi, \u0130ztuzu Dalyan tekne turu gezisi \u00fccreti, Dalyan feribot ge\u00e7i\u015f \u00fccreti \u00fcyelere aittir.<br><\/p>\n\n\n\n<p><strong>ULA\u015eIM :<\/strong><br>Kay\u0131t durumuna g\u00f6re \u00f6zel ara\u00e7lar\u0131m\u0131z ile veya minib\u00fcs\/otob\u00fcsle ula\u015f\u0131m organize edilecektir. \u00dccretler ona g\u00f6re hesaplanacakt\u0131r. <br>Anemon Trekking Whatsap Duyuru Gurubuna \u00fcye olarak bundan sonraki etkinliklerimizden haberdar olmak i\u00e7in<br>WHATSAP \u0130\u00c7\u0130N\u00a0<a rel=\"noreferrer noopener\" href=\"https:\/\/l.facebook.com\/l.php?u=https%3A%2F%2Fchat.whatsapp.com%2FEstLmUsfztaBqgDSmO8fPZ%3Ffbclid%3DIwAR0sDHYHloBbI78PY_2r3eBZZPvlTiB1ugh80AF5BYjPBtWiXmRxqz_hr6w&amp;h=AT1yFYtc0OgYQeD6uxJI07qa5amrHRjejQtsZhS16ym_4zfnoUqn4QTh-izh90lmC2xKb4z6PDbOgr7j__LP16wm89H6pEuKAWNA-_IZ5hjPCZHjdnD3MoTgh7V-MmkG&amp;__tn__=q&amp;c[0]=AT0pxQ85jpasBZy2aucmM8UYMpnhWXT-NCy483Xy6r_sLFuYjKV1x6rE8vK-9hpb4v5eC9A1E4z4xCNGUFejaq6NJ3loQ0UKauMZCTIZcvWMW5HDgPKEgj4ZZta3520x5AkX8gD2vjbzH2m2qdGgGGRE\" target=\"_blank\">https:\/\/chat.whatsapp.com\/EstLmUsfztaBqgDSmO8fPZ<\/a><br>TELEGRAM \u0130\u00c7\u0130N<a rel=\"noreferrer noopener\" href=\"https:\/\/t.me\/anemontrekking?fbclid=IwAR105Us33vm973055gLPwgsM6ajaRDfV_lRQV-qxGJ7H-OjD25317-3xupU\" target=\"_blank\">\u00a0https:\/\/t.me\/anemontrekking<\/a><\/p>\n\n\n\n<p><\/p>\n","protected":false},"excerpt":{"rendered":"<div class=\"slide-text-bg2\">\n<h3>3 Aral\u0131k Cumartesi g\u00fcn\u00fc erken saatlerde Manisa&#8217;dan yola \u00e7\u0131karak saat 3 saat 11:00&#8217;de Dalyan&#8217;a ula\u015faca\u011f\u0131z. \u0130ztuzu plaj\u0131na do\u011fru tekne gezisi<\/h3>\n<\/div>\n<div class=\"flex-btn-div\"><a href=\"https:\/\/anemontrekking.com\/?page_id=1438\" class=\"btn1 flex-btn\">Daha fazlas\u0131n\u0131 oku<\/a><\/div>\n","protected":false},"author":1,"featured_media":0,"parent":0,"menu_order":0,"comment_status":"closed","ping_status":"closed","template":"","meta":{"ngg_post_thumbnail":0,"footnotes":""},"class_list":["post-1438","page","type-page","status-publish","hentry"],"yoast_head":"<!-- This site is optimized with the Yoast SEO plugin v26.3 - https:\/\/yoast.com\/wordpress\/plugins\/seo\/ -->\n<title>KARGICAK KAMPI RADAR TEPES\u0130 - Anemon Trekking Spor Kulub\u00fc<\/title>\n<meta name=\"robots\" content=\"index, follow, max-snippet:-1, max-image-preview:large, max-video-preview:-1\" \/>\n<link rel=\"canonical\" href=\"https:\/\/anemontrekking.com\/?page_id=1438\" \/>\n<meta property=\"og:locale\" content=\"tr_TR\" \/>\n<meta property=\"og:type\" content=\"article\" \/>\n<meta property=\"og:title\" content=\"KARGICAK KAMPI RADAR TEPES\u0130 - Anemon Trekking Spor Kulub\u00fc\" \/>\n<meta property=\"og:description\" content=\"3 Aral\u0131k Cumartesi g\u00fcn\u00fc erken saatlerde Manisa&#8217;dan yola \u00e7\u0131karak saat 3 saat 11:00&#8217;de Dalyan&#8217;a ula\u015faca\u011f\u0131z. \u0130ztuzu plaj\u0131na do\u011fru tekne gezisiDaha fazlas\u0131n\u0131 oku\" \/>\n<meta property=\"og:url\" content=\"https:\/\/anemontrekking.com\/?page_id=1438\" \/>\n<meta property=\"og:site_name\" content=\"Anemon Trekking Spor Kulub\u00fc\" \/>\n<meta property=\"article:publisher\" content=\"https:\/\/facebook.com\/anemontreking\" \/>\n<meta property=\"article:modified_time\" content=\"2022-11-23T11:34:10+00:00\" \/>\n<meta property=\"og:image\" content=\"http:\/\/anemontrekking.com\/wp-content\/uploads\/2022\/11\/Kargicak-RadarTepesi-1024x819.jpg\" \/>\n<meta name=\"twitter:card\" content=\"summary_large_image\" \/>\n<meta name=\"twitter:site\" content=\"@anemon_trekking\" \/>\n<meta name=\"twitter:label1\" content=\"Tahmini okuma s\u00fcresi\" \/>\n\t<meta name=\"twitter:data1\" content=\"2 dakika\" \/>\n<script type=\"application\/ld+json\" class=\"yoast-schema-graph\">{\"@context\":\"https:\/\/schema.org\",\"@graph\":[{\"@type\":\"WebPage\",\"@id\":\"https:\/\/anemontrekking.com\/?page_id=1438\",\"url\":\"https:\/\/anemontrekking.com\/?page_id=1438\",\"name\":\"KARGICAK KAMPI RADAR TEPES\u0130 - Anemon Trekking Spor Kulub\u00fc\",\"isPartOf\":{\"@id\":\"https:\/\/anemontrekking.com\/#website\"},\"primaryImageOfPage\":{\"@id\":\"https:\/\/anemontrekking.com\/?page_id=1438#primaryimage\"},\"image\":{\"@id\":\"https:\/\/anemontrekking.com\/?page_id=1438#primaryimage\"},\"thumbnailUrl\":\"http:\/\/anemontrekking.com\/wp-content\/uploads\/2022\/11\/Kargicak-RadarTepesi-1024x819.jpg\",\"datePublished\":\"2022-11-23T11:26:09+00:00\",\"dateModified\":\"2022-11-23T11:34:10+00:00\",\"breadcrumb\":{\"@id\":\"https:\/\/anemontrekking.com\/?page_id=1438#breadcrumb\"},\"inLanguage\":\"tr\",\"potentialAction\":[{\"@type\":\"ReadAction\",\"target\":[\"https:\/\/anemontrekking.com\/?page_id=1438\"]}]},{\"@type\":\"ImageObject\",\"inLanguage\":\"tr\",\"@id\":\"https:\/\/anemontrekking.com\/?page_id=1438#primaryimage\",\"url\":\"https:\/\/anemontrekking.com\/wp-content\/uploads\/2022\/11\/Kargicak-RadarTepesi.jpg\",\"contentUrl\":\"https:\/\/anemontrekking.com\/wp-content\/uploads\/2022\/11\/Kargicak-RadarTepesi.jpg\",\"width\":2000,\"height\":1600},{\"@type\":\"BreadcrumbList\",\"@id\":\"https:\/\/anemontrekking.com\/?page_id=1438#breadcrumb\",\"itemListElement\":[{\"@type\":\"ListItem\",\"position\":1,\"name\":\"Anasayfa\",\"item\":\"https:\/\/anemontrekking.com\/\"},{\"@type\":\"ListItem\",\"position\":2,\"name\":\"KARGICAK KAMPI RADAR TEPES\u0130\"}]},{\"@type\":\"WebSite\",\"@id\":\"https:\/\/anemontrekking.com\/#website\",\"url\":\"https:\/\/anemontrekking.com\/\",\"name\":\"Anemon Trekking Spor Kulub\u00fc\",\"description\":\"Da\u011fc\u0131l\u0131k, Trekking,Kamp\u00e7\u0131l\u0131k ve Do\u011fa Sporlar\u0131\",\"publisher\":{\"@id\":\"https:\/\/anemontrekking.com\/#organization\"},\"potentialAction\":[{\"@type\":\"SearchAction\",\"target\":{\"@type\":\"EntryPoint\",\"urlTemplate\":\"https:\/\/anemontrekking.com\/?s={search_term_string}\"},\"query-input\":{\"@type\":\"PropertyValueSpecification\",\"valueRequired\":true,\"valueName\":\"search_term_string\"}}],\"inLanguage\":\"tr\"},{\"@type\":\"Organization\",\"@id\":\"https:\/\/anemontrekking.com\/#organization\",\"name\":\"Anemon Trekking Spor Kulub\u00fc\",\"url\":\"https:\/\/anemontrekking.com\/\",\"logo\":{\"@type\":\"ImageObject\",\"inLanguage\":\"tr\",\"@id\":\"https:\/\/anemontrekking.com\/#\/schema\/logo\/image\/\",\"url\":\"http:\/\/anemontrekking.com\/wp-content\/uploads\/2021\/02\/47292421_10156386216874652_1517111611498692608_n.jpg\",\"contentUrl\":\"http:\/\/anemontrekking.com\/wp-content\/uploads\/2021\/02\/47292421_10156386216874652_1517111611498692608_n.jpg\",\"width\":960,\"height\":906,\"caption\":\"Anemon Trekking Spor Kulub\u00fc\"},\"image\":{\"@id\":\"https:\/\/anemontrekking.com\/#\/schema\/logo\/image\/\"},\"sameAs\":[\"https:\/\/facebook.com\/anemontreking\",\"https:\/\/x.com\/anemon_trekking\",\"https:\/\/www.instagram.com\/anemontreking\/\"]}]}<\/script>\n<!-- \/ Yoast SEO plugin. -->","yoast_head_json":{"title":"KARGICAK KAMPI RADAR TEPES\u0130 - Anemon Trekking Spor Kulub\u00fc","robots":{"index":"index","follow":"follow","max-snippet":"max-snippet:-1","max-image-preview":"max-image-preview:large","max-video-preview":"max-video-preview:-1"},"canonical":"https:\/\/anemontrekking.com\/?page_id=1438","og_locale":"tr_TR","og_type":"article","og_title":"KARGICAK KAMPI RADAR TEPES\u0130 - Anemon Trekking Spor Kulub\u00fc","og_description":"3 Aral\u0131k Cumartesi g\u00fcn\u00fc erken saatlerde Manisa&#8217;dan yola \u00e7\u0131karak saat 3 saat 11:00&#8217;de Dalyan&#8217;a ula\u015faca\u011f\u0131z. \u0130ztuzu plaj\u0131na do\u011fru tekne gezisiDaha fazlas\u0131n\u0131 oku","og_url":"https:\/\/anemontrekking.com\/?page_id=1438","og_site_name":"Anemon Trekking Spor Kulub\u00fc","article_publisher":"https:\/\/facebook.com\/anemontreking","article_modified_time":"2022-11-23T11:34:10+00:00","og_image":[{"url":"http:\/\/anemontrekking.com\/wp-content\/uploads\/2022\/11\/Kargicak-RadarTepesi-1024x819.jpg","type":"","width":"","height":""}],"twitter_card":"summary_large_image","twitter_site":"@anemon_trekking","twitter_misc":{"Tahmini okuma s\u00fcresi":"2 dakika"},"schema":{"@context":"https:\/\/schema.org","@graph":[{"@type":"WebPage","@id":"https:\/\/anemontrekking.com\/?page_id=1438","url":"https:\/\/anemontrekking.com\/?page_id=1438","name":"KARGICAK KAMPI RADAR TEPES\u0130 - Anemon Trekking Spor Kulub\u00fc","isPartOf":{"@id":"https:\/\/anemontrekking.com\/#website"},"primaryImageOfPage":{"@id":"https:\/\/anemontrekking.com\/?page_id=1438#primaryimage"},"image":{"@id":"https:\/\/anemontrekking.com\/?page_id=1438#primaryimage"},"thumbnailUrl":"http:\/\/anemontrekking.com\/wp-content\/uploads\/2022\/11\/Kargicak-RadarTepesi-1024x819.jpg","datePublished":"2022-11-23T11:26:09+00:00","dateModified":"2022-11-23T11:34:10+00:00","breadcrumb":{"@id":"https:\/\/anemontrekking.com\/?page_id=1438#breadcrumb"},"inLanguage":"tr","potentialAction":[{"@type":"ReadAction","target":["https:\/\/anemontrekking.com\/?page_id=1438"]}]},{"@type":"ImageObject","inLanguage":"tr","@id":"https:\/\/anemontrekking.com\/?page_id=1438#primaryimage","url":"https:\/\/anemontrekking.com\/wp-content\/uploads\/2022\/11\/Kargicak-RadarTepesi.jpg","contentUrl":"https:\/\/anemontrekking.com\/wp-content\/uploads\/2022\/11\/Kargicak-RadarTepesi.jpg","width":2000,"height":1600},{"@type":"BreadcrumbList","@id":"https:\/\/anemontrekking.com\/?page_id=1438#breadcrumb","itemListElement":[{"@type":"ListItem","position":1,"name":"Anasayfa","item":"https:\/\/anemontrekking.com\/"},{"@type":"ListItem","position":2,"name":"KARGICAK KAMPI RADAR TEPES\u0130"}]},{"@type":"WebSite","@id":"https:\/\/anemontrekking.com\/#website","url":"https:\/\/anemontrekking.com\/","name":"Anemon Trekking Spor Kulub\u00fc","description":"Da\u011fc\u0131l\u0131k, Trekking,Kamp\u00e7\u0131l\u0131k ve Do\u011fa Sporlar\u0131","publisher":{"@id":"https:\/\/anemontrekking.com\/#organization"},"potentialAction":[{"@type":"SearchAction","target":{"@type":"EntryPoint","urlTemplate":"https:\/\/anemontrekking.com\/?s={search_term_string}"},"query-input":{"@type":"PropertyValueSpecification","valueRequired":true,"valueName":"search_term_string"}}],"inLanguage":"tr"},{"@type":"Organization","@id":"https:\/\/anemontrekking.com\/#organization","name":"Anemon Trekking Spor Kulub\u00fc","url":"https:\/\/anemontrekking.com\/","logo":{"@type":"ImageObject","inLanguage":"tr","@id":"https:\/\/anemontrekking.com\/#\/schema\/logo\/image\/","url":"http:\/\/anemontrekking.com\/wp-content\/uploads\/2021\/02\/47292421_10156386216874652_1517111611498692608_n.jpg","contentUrl":"http:\/\/anemontrekking.com\/wp-content\/uploads\/2021\/02\/47292421_10156386216874652_1517111611498692608_n.jpg","width":960,"height":906,"caption":"Anemon Trekking Spor Kulub\u00fc"},"image":{"@id":"https:\/\/anemontrekking.com\/#\/schema\/logo\/image\/"},"sameAs":["https:\/\/facebook.com\/anemontreking","https:\/\/x.com\/anemon_trekking","https:\/\/www.instagram.com\/anemontreking\/"]}]}},"_links":{"self":[{"href":"https:\/\/anemontrekking.com\/index.php?rest_route=\/wp\/v2\/pages\/1438","targetHints":{"allow":["GET"]}}],"collection":[{"href":"https:\/\/anemontrekking.com\/index.php?rest_route=\/wp\/v2\/pages"}],"about":[{"href":"https:\/\/anemontrekking.com\/index.php?rest_route=\/wp\/v2\/types\/page"}],"author":[{"embeddable":true,"href":"https:\/\/anemontrekking.com\/index.php?rest_route=\/wp\/v2\/users\/1"}],"replies":[{"embeddable":true,"href":"https:\/\/anemontrekking.com\/index.php?rest_route=%2Fwp%2Fv2%2Fcomments&post=1438"}],"version-history":[{"count":2,"href":"https:\/\/anemontrekking.com\/index.php?rest_route=\/wp\/v2\/pages\/1438\/revisions"}],"predecessor-version":[{"id":1442,"href":"https:\/\/anemontrekking.com\/index.php?rest_route=\/wp\/v2\/pages\/1438\/revisions\/1442"}],"wp:attachment":[{"href":"https:\/\/anemontrekking.com\/index.php?rest_route=%2Fwp%2Fv2%2Fmedia&parent=1438"}],"curies":[{"name":"wp","href":"https:\/\/api.w.org\/{rel}","templated":true}]}}